CRAN Package Check Results for Package propr

Last updated on 2019-01-24 04:51:49 CET.

Flavor Version Tinstall Tcheck Ttotal Status Flags
r-devel-linux-x86_64-debian-clang 4.1.1 60.21 170.04 230.25 OK
r-devel-linux-x86_64-debian-gcc 4.1.1 52.58 130.66 183.24 OK
r-devel-linux-x86_64-fedora-clang 4.1.1 299.97 NOTE
r-devel-linux-x86_64-fedora-gcc 4.1.1 278.06 NOTE
r-devel-windows-ix86+x86_64 4.1.1 164.00 266.00 430.00 OK
r-patched-linux-x86_64 4.1.1 67.03 157.60 224.63 OK
r-patched-solaris-x86 4.1.1 401.40 NOTE
r-release-linux-x86_64 4.1.1 68.73 157.14 225.87 OK
r-release-windows-ix86+x86_64 4.1.1 124.00 288.00 412.00 OK
r-release-osx-x86_64 4.1.1 NOTE
r-oldrel-windows-ix86+x86_64 4.1.1 122.00 323.00 445.00 OK
r-oldrel-osx-x86_64 4.1.1 NOTE

Check Details

Version: 4.1.1
Check: installed package size
Result: NOTE
     installed size is 5.3Mb
     sub-directories of 1Mb or more:
     data 1.5Mb
     libs 2.6Mb
Flavor: r-devel-linux-x86_64-fedora-clang

Version: 4.1.1
Check: dependencies in R code
Result: NOTE
    Namespace in Imports field not imported from: ‘utils’
     All declared Imports should be used.
Flavors: r-devel-linux-x86_64-fedora-clang, r-devel-linux-x86_64-fedora-gcc, r-patched-solaris-x86, r-release-osx-x86_64, r-oldrel-osx-x86_64

Version: 4.1.1
Check: package dependencies
Result: NOTE
    Package suggested but not available for checking: ‘ALDEx2’
Flavors: r-release-osx-x86_64, r-oldrel-osx-x86_64