CRAN Package Check Results for Package propr

Last updated on 2018-02-24 10:49:03 CET.

Flavor Version Tinstall Tcheck Ttotal Status Flags
r-devel-linux-x86_64-debian-clang 3.1.4 35.32 303.68 339.00 OK
r-devel-linux-x86_64-debian-gcc 3.1.4 32.39 234.48 266.87 OK
r-devel-linux-x86_64-fedora-clang 3.1.4 401.14 NOTE
r-devel-linux-x86_64-fedora-gcc 3.1.4 372.75 NOTE
r-devel-windows-ix86+x86_64 3.1.4 101.00 456.00 557.00 OK
r-patched-linux-x86_64 3.1.4 33.95 310.05 344.00 OK
r-patched-solaris-x86 3.1.4 516.90 OK
r-release-linux-x86_64 3.1.4 32.87 307.35 340.22 OK
r-release-windows-ix86+x86_64 3.1.4 102.00 480.00 582.00 OK
r-release-osx-x86_64 3.1.4 NOTE
r-oldrel-windows-ix86+x86_64 3.1.4 75.00 369.00 444.00 OK
r-oldrel-osx-x86_64 3.1.2 OK

Check Details

Version: 3.1.4
Check: package dependencies
Result: NOTE
    Packages suggested but not available for checking: ‘ALDEx2’ ‘limma’
Flavors: r-devel-linux-x86_64-fedora-clang, r-devel-linux-x86_64-fedora-gcc

Version: 3.1.4
Check: installed package size
Result: NOTE
     installed size is 5.6Mb
     sub-directories of 1Mb or more:
     data 1.5Mb
     libs 2.8Mb
Flavor: r-devel-linux-x86_64-fedora-gcc

Version: 3.1.4
Check: package dependencies
Result: NOTE
    Package suggested but not available for checking: ‘ALDEx2’
Flavor: r-release-osx-x86_64