CRAN Package Check Results for Package propr

Last updated on 2018-08-15 08:48:55 CEST.

Flavor Version Tinstall Tcheck Ttotal Status Flags
r-devel-linux-x86_64-debian-clang 4.0.0 54.64 162.09 216.73 OK
r-devel-linux-x86_64-debian-gcc 4.0.0 53.28 126.94 180.22 OK
r-devel-linux-x86_64-fedora-clang 4.0.0 284.10 NOTE
r-devel-linux-x86_64-fedora-gcc 4.0.0 273.21 NOTE
r-devel-windows-ix86+x86_64 4.0.0 111.00 220.00 331.00 OK
r-patched-linux-x86_64 4.0.0 65.15 155.59 220.74 OK
r-patched-solaris-x86 4.0.0 379.20 NOTE
r-release-linux-x86_64 4.0.0 61.63 157.58 219.21 OK
r-release-windows-ix86+x86_64 4.0.0 110.00 293.00 403.00 OK
r-release-osx-x86_64 4.0.0 NOTE
r-oldrel-windows-ix86+x86_64 4.0.0 149.00 303.00 452.00 OK
r-oldrel-osx-x86_64 4.0.0 NOTE

Check Details

Version: 4.0.0
Check: installed package size
Result: NOTE
     installed size is 5.1Mb
     sub-directories of 1Mb or more:
     data 1.5Mb
     libs 2.5Mb
Flavor: r-devel-linux-x86_64-fedora-clang

Version: 4.0.0
Check: dependencies in R code
Result: NOTE
    Namespace in Imports field not imported from: ‘utils’
     All declared Imports should be used.
Flavors: r-devel-linux-x86_64-fedora-clang, r-devel-linux-x86_64-fedora-gcc, r-patched-solaris-x86, r-release-osx-x86_64, r-oldrel-osx-x86_64

Version: 4.0.0
Check: package dependencies
Result: NOTE
    Package suggested but not available for checking: ‘ALDEx2’
Flavors: r-release-osx-x86_64, r-oldrel-osx-x86_64