CRAN Package Check Results for Package protag

Last updated on 2025-01-17 06:49:30 CET.

Flavor Version Tinstall Tcheck Ttotal Status Flags
r-devel-linux-x86_64-debian-clang 1.0.0 4.71 50.50 55.21 OK
r-devel-linux-x86_64-debian-gcc 1.0.0 3.73 37.79 41.52 OK
r-devel-linux-x86_64-fedora-clang 1.0.0 91.59 NOTE
r-devel-linux-x86_64-fedora-gcc 1.0.0 85.11 NOTE
r-devel-windows-x86_64 1.0.0 6.00 66.00 72.00 OK
r-patched-linux-x86_64 1.0.0 4.00 47.76 51.76 OK
r-release-linux-x86_64 1.0.0 4.62 47.25 51.87 OK
r-release-macos-arm64 1.0.0 27.00 OK
r-release-macos-x86_64 1.0.0 40.00 OK
r-release-windows-x86_64 1.0.0 6.00 65.00 71.00 OK
r-oldrel-macos-arm64 1.0.0 30.00 OK
r-oldrel-macos-x86_64 1.0.0 46.00 OK
r-oldrel-windows-x86_64 1.0.0 7.00 73.00 80.00 OK

Check Details

Version: 1.0.0
Check: dependencies in R code
Result: NOTE Namespaces in Imports field not imported from: ‘RColorBrewer’ ‘grDevices’ All declared Imports should be used. Flavors: r-devel-linux-x86_64-fedora-clang, r-devel-linux-x86_64-fedora-gcc