CRAN Package Check Results for Package prototest

Last updated on 2024-02-26 03:59:18 CET.

Flavor Version Tinstall Tcheck Ttotal Status Flags
r-devel-linux-x86_64-debian-clang 1.2 93.47 102.00 195.47 NOTE
r-devel-linux-x86_64-debian-gcc 1.2 71.49 77.32 148.81 NOTE
r-devel-linux-x86_64-fedora-clang 1.2 263.35 NOTE
r-devel-linux-x86_64-fedora-gcc 1.2 256.02 NOTE
r-devel-windows-x86_64 1.2 68.00 112.00 180.00 OK
r-patched-linux-x86_64 1.2 96.01 102.07 198.08 OK
r-release-linux-x86_64 1.2 87.20 98.98 186.18 OK
r-release-macos-arm64 1.2 73.00 OK
r-release-macos-x86_64 1.2 113.00 OK
r-release-windows-x86_64 1.2 86.00 130.00 216.00 OK
r-oldrel-macos-arm64 1.2 59.00 OK
r-oldrel-windows-x86_64 1.2 81.00 129.00 210.00 OK

Check Details

Version: 1.2
Check: Rd files
Result: NOTE checkRd: (-1) prototest.univariate.Rd:21: Lost braces 21 | response variable. Vector of length emph{n}, assumed to be quantitative. | ^ Flavors: r-devel-linux-x86_64-debian-clang, r-devel-linux-x86_64-debian-gcc

Version: 1.2
Check: compiled code
Result: NOTE File ‘prototest/libs/prototest.so’: Found no calls to: ‘R_registerRoutines’, ‘R_useDynamicSymbols’ It is good practice to register native routines and to disable symbol search. See ‘Writing portable packages’ in the ‘Writing R Extensions’ manual. Flavors: r-devel-linux-x86_64-fedora-clang, r-devel-linux-x86_64-fedora-gcc