CRAN Package Check Results for Package protr

Last updated on 2019-09-23 14:47:31 CEST.

Flavor Version Tinstall Tcheck Ttotal Status Flags
r-devel-linux-x86_64-debian-clang 1.6-2 19.28 100.21 119.49 OK
r-devel-linux-x86_64-debian-gcc 1.6-2 17.80 76.13 93.93 OK
r-devel-linux-x86_64-fedora-clang 1.6-2 139.85 OK
r-devel-linux-x86_64-fedora-gcc 1.6-2 127.01 OK
r-devel-windows-ix86+x86_64 1.6-2 37.00 125.00 162.00 OK
r-patched-linux-x86_64 1.6-2 17.65 98.58 116.23 OK
r-patched-solaris-x86 1.6-2 163.70 OK
r-release-linux-x86_64 1.6-2 18.18 98.84 117.02 OK
r-release-windows-ix86+x86_64 1.6-2 35.00 125.00 160.00 OK
r-release-osx-x86_64 1.6-2 NOTE
r-oldrel-windows-ix86+x86_64 1.6-2 34.00 113.00 147.00 OK
r-oldrel-osx-x86_64 1.6-2 OK

Check Details

Version: 1.6-2
Check: package dependencies
Result: NOTE
    Packages suggested but not available for checking:
     'Biostrings', 'GOSemSim', 'org.Hs.eg.db'
Flavor: r-release-osx-x86_64