CRAN Package Check Results for Package proustr

Last updated on 2019-02-23 21:53:11 CET.

Flavor Version Tinstall Tcheck Ttotal Status Flags
r-devel-linux-x86_64-debian-clang 0.4.0 4.66 42.69 47.35 OK
r-devel-linux-x86_64-debian-gcc 0.4.0 4.09 33.91 38.00 OK
r-devel-linux-x86_64-fedora-clang 0.4.0 63.68 NOTE
r-devel-linux-x86_64-fedora-gcc 0.4.0 59.91 NOTE
r-devel-windows-ix86+x86_64 0.4.0 12.00 63.00 75.00 OK
r-patched-linux-x86_64 0.4.0 4.65 39.72 44.37 OK
r-patched-solaris-x86 0.4.0 101.90 NOTE
r-release-linux-x86_64 0.4.0 4.31 39.82 44.13 OK
r-release-windows-ix86+x86_64 0.4.0 10.00 82.00 92.00 OK
r-release-osx-x86_64 0.4.0 NOTE
r-oldrel-windows-ix86+x86_64 0.4.0 8.00 65.00 73.00 OK
r-oldrel-osx-x86_64 0.4.0 NOTE

Check Details

Version: 0.4.0
Check: data for non-ASCII characters
Result: NOTE
     Note: found 12717 marked UTF-8 strings
Flavors: r-devel-linux-x86_64-fedora-clang, r-devel-linux-x86_64-fedora-gcc, r-patched-solaris-x86, r-release-osx-x86_64, r-oldrel-osx-x86_64