CRAN Package Check Results for Package proustr

Last updated on 2018-08-18 10:50:41 CEST.

Flavor Version Tinstall Tcheck Ttotal Status Flags
r-devel-linux-x86_64-debian-clang 0.2.1 5.62 53.08 58.70 OK
r-devel-linux-x86_64-debian-gcc 0.2.1 4.69 42.33 47.02 OK
r-devel-linux-x86_64-fedora-clang 0.2.1 69.38 NOTE
r-devel-linux-x86_64-fedora-gcc 0.2.1 70.22 NOTE
r-devel-windows-ix86+x86_64 0.2.1 12.00 87.00 99.00 OK
r-patched-linux-x86_64 0.2.1 4.96 47.64 52.60 OK
r-patched-solaris-x86 0.2.1 110.00 NOTE
r-release-linux-x86_64 0.2.1 5.50 47.08 52.58 OK
r-release-windows-ix86+x86_64 0.2.1 13.00 94.00 107.00 OK
r-release-osx-x86_64 0.2.1 NOTE
r-oldrel-windows-ix86+x86_64 0.2.1 8.00 63.00 71.00 OK
r-oldrel-osx-x86_64 0.2.1 NOTE

Check Details

Version: 0.2.1
Check: data for non-ASCII characters
Result: NOTE
     Note: found 20105 marked UTF-8 strings
Flavors: r-devel-linux-x86_64-fedora-clang, r-devel-linux-x86_64-fedora-gcc, r-patched-solaris-x86, r-release-osx-x86_64, r-oldrel-osx-x86_64