CRAN Package Check Results for Package proustr

Last updated on 2018-05-25 04:50:33 CEST.

Flavor Version Tinstall Tcheck Ttotal Status Flags
r-devel-linux-x86_64-debian-clang 0.2.1 4.73 46.14 50.87 OK
r-devel-linux-x86_64-debian-gcc 0.2.1 4.57 40.96 45.53 OK
r-devel-linux-x86_64-fedora-clang 0.2.1 66.96 NOTE
r-devel-linux-x86_64-fedora-gcc 0.2.1 66.69 NOTE
r-devel-windows-ix86+x86_64 0.2.1 9.00 66.00 75.00 OK
r-patched-linux-x86_64 0.2.1 5.35 47.08 52.43 OK
r-patched-solaris-x86 0.2.1 106.40 NOTE
r-release-linux-x86_64 0.2.1 5.13 47.28 52.41 OK
r-release-windows-ix86+x86_64 0.2.1 15.00 86.00 101.00 OK
r-release-osx-x86_64 0.2.1 NOTE
r-oldrel-windows-ix86+x86_64 0.2.1 11.00 65.00 76.00 OK
r-oldrel-osx-x86_64 0.2.1 NOTE

Check Details

Version: 0.2.1
Check: data for non-ASCII characters
Result: NOTE
     Note: found 20105 marked UTF-8 strings
Flavors: r-devel-linux-x86_64-fedora-clang, r-devel-linux-x86_64-fedora-gcc, r-patched-solaris-x86, r-release-osx-x86_64, r-oldrel-osx-x86_64