CRAN Package Check Results for Package proustr

Last updated on 2018-10-24 02:49:04 CEST.

Flavor Version Tinstall Tcheck Ttotal Status Flags
r-devel-linux-x86_64-debian-clang 0.2.1 5.16 53.30 58.46 OK
r-devel-linux-x86_64-debian-gcc 0.2.1 4.87 42.44 47.31 OK
r-devel-linux-x86_64-fedora-clang 0.2.1 69.46 NOTE
r-devel-linux-x86_64-fedora-gcc 0.2.1 66.74 NOTE
r-devel-windows-ix86+x86_64 0.2.1 13.00 92.00 105.00 OK
r-patched-linux-x86_64 0.2.1 5.41 47.30 52.71 OK
r-patched-solaris-x86 0.2.1 106.70 NOTE
r-release-linux-x86_64 0.2.1 4.56 48.13 52.69 OK
r-release-windows-ix86+x86_64 0.2.1 15.00 83.00 98.00 OK
r-release-osx-x86_64 0.2.1 NOTE
r-oldrel-windows-ix86+x86_64 0.2.1 8.00 72.00 80.00 OK
r-oldrel-osx-x86_64 0.2.1 NOTE

Check Details

Version: 0.2.1
Check: data for non-ASCII characters
Result: NOTE
     Note: found 20105 marked UTF-8 strings
Flavors: r-devel-linux-x86_64-fedora-clang, r-devel-linux-x86_64-fedora-gcc, r-patched-solaris-x86, r-release-osx-x86_64, r-oldrel-osx-x86_64