CRAN Package Check Results for Package provSummarizeR

Last updated on 2021-02-25 10:47:44 CET.

Flavor Version Tinstall Tcheck Ttotal Status Flags
r-devel-linux-x86_64-debian-clang 1.4.2 2.21 26.82 29.03 NOTE
r-devel-linux-x86_64-debian-gcc 1.4.2 1.63 20.96 22.59 NOTE
r-devel-linux-x86_64-fedora-clang 1.4.2 46.15 NOTE
r-devel-linux-x86_64-fedora-gcc 1.4.2 44.48 NOTE
r-devel-windows-ix86+x86_64 1.4.2 5.00 32.00 37.00 NOTE
r-patched-linux-x86_64 1.4.2 1.87 26.74 28.61 NOTE
r-patched-solaris-x86 1.4.2 51.80 NOTE
r-release-linux-x86_64 1.4.2 2.04 26.27 28.31 NOTE
r-release-macos-x86_64 1.4.2 NOTE
r-release-windows-ix86+x86_64 1.4.2 6.00 43.00 49.00 NOTE
r-oldrel-macos-x86_64 1.4.2 NOTE
r-oldrel-windows-ix86+x86_64 1.4.2 3.00 48.00 51.00 NOTE

Check Details

Version: 1.4.2
Check: package dependencies
Result: NOTE
    Package suggested but not available for checking: 'rdt'
Flavors: r-devel-linux-x86_64-debian-clang, r-devel-linux-x86_64-debian-gcc, r-devel-linux-x86_64-fedora-clang, r-devel-linux-x86_64-fedora-gcc, r-devel-windows-ix86+x86_64, r-patched-linux-x86_64, r-patched-solaris-x86, r-release-linux-x86_64, r-release-macos-x86_64, r-release-windows-ix86+x86_64, r-oldrel-macos-x86_64, r-oldrel-windows-ix86+x86_64