CRAN Package Check Results for Package proxyC

Last updated on 2024-07-16 03:54:29 CEST.

Flavor Version Tinstall Tcheck Ttotal Status Flags
r-devel-linux-x86_64-debian-clang 0.4.1 88.04 83.76 171.80 OK
r-devel-linux-x86_64-debian-gcc 0.4.1 67.12 64.08 131.20 OK
r-devel-linux-x86_64-fedora-clang 0.4.1 228.22 OK
r-devel-linux-x86_64-fedora-gcc 0.4.1 253.01 OK
r-devel-windows-x86_64 0.4.1 74.00 100.00 174.00 NOTE
r-patched-linux-x86_64 0.4.1 76.21 80.39 156.60 OK
r-release-linux-x86_64 0.4.1 76.33 79.91 156.24 OK
r-release-macos-arm64 0.4.1 74.00 OK
r-release-macos-x86_64 0.4.1 80.00 OK
r-release-windows-x86_64 0.4.1 75.00 99.00 174.00 OK
r-oldrel-macos-arm64 0.4.1 67.00 OK
r-oldrel-macos-x86_64 0.4.1 159.00 OK
r-oldrel-windows-x86_64 0.4.1 90.00 117.00 207.00 OK

Additional issues

noSuggests

Check Details

Version: 0.4.1
Check: Rd cross-references
Result: NOTE Found the following Rd file(s) with Rd \link{} targets missing package anchors: colSds.Rd: Matrix colZeros.Rd: Matrix simil.Rd: Matrix, CsparseMatrix-class Please provide package anchors for all Rd \link{} targets not in the package itself and the base packages. Flavor: r-devel-windows-x86_64