CRAN Package Check Results for Package prozor

Last updated on 2018-08-16 16:52:43 CEST.

Flavor Version Tinstall Tcheck Ttotal Status Flags
r-devel-linux-x86_64-debian-clang 0.2.11 7.38 409.14 416.52 OK
r-devel-linux-x86_64-debian-gcc 0.2.11 6.10 314.73 320.83 OK
r-devel-linux-x86_64-fedora-clang 0.2.11 505.00 NOTE
r-devel-linux-x86_64-fedora-gcc 0.2.11 465.54 NOTE
r-devel-windows-ix86+x86_64 0.2.11 17.00 482.00 499.00 NOTE
r-patched-linux-x86_64 0.2.11 6.63 377.63 384.26 OK
r-patched-solaris-x86 0.2.11 696.70 NOTE
r-release-linux-x86_64 0.2.11 7.28 372.76 380.04 OK
r-release-windows-ix86+x86_64 0.2.11 16.00 473.00 489.00 NOTE
r-release-osx-x86_64 0.2.11 NOTE
r-oldrel-windows-ix86+x86_64 0.2.11 16.00 499.00 515.00 NOTE
r-oldrel-osx-x86_64 0.2.11 NOTE

Check Details

Version: 0.2.11
Check: installed package size
Result: NOTE
     installed size is 5.6Mb
     sub-directories of 1Mb or more:
     data 1.7Mb
     extdata 2.3Mb
Flavors: r-devel-linux-x86_64-fedora-clang, r-devel-windows-ix86+x86_64, r-patched-solaris-x86, r-release-windows-ix86+x86_64, r-release-osx-x86_64, r-oldrel-windows-ix86+x86_64, r-oldrel-osx-x86_64

Version: 0.2.11
Check: dependencies in R code
Result: NOTE
    Namespaces in Imports field not imported from:
     ‘dplyr’ ‘readr’
     All declared Imports should be used.
Flavors: r-devel-linux-x86_64-fedora-clang, r-devel-linux-x86_64-fedora-gcc, r-patched-solaris-x86, r-release-osx-x86_64, r-oldrel-osx-x86_64