CRAN Package Check Results for Package prozor

Last updated on 2019-01-23 08:49:16 CET.

Flavor Version Tinstall Tcheck Ttotal Status Flags
r-devel-linux-x86_64-debian-clang 0.2.11 6.62 415.64 422.26 OK
r-devel-linux-x86_64-debian-gcc 0.2.11 5.44 310.44 315.88 OK
r-devel-linux-x86_64-fedora-clang 0.2.11 499.04 NOTE
r-devel-linux-x86_64-fedora-gcc 0.2.11 454.55 NOTE
r-devel-windows-ix86+x86_64 0.2.11 16.00 392.00 408.00 NOTE
r-patched-linux-x86_64 0.2.11 6.00 368.68 374.68 OK
r-patched-solaris-x86 0.2.11 763.30 NOTE
r-release-linux-x86_64 0.2.11 6.80 362.14 368.94 OK
r-release-windows-ix86+x86_64 0.2.11 11.00 480.00 491.00 NOTE
r-release-osx-x86_64 0.2.11 NOTE
r-oldrel-windows-ix86+x86_64 0.2.11 18.00 497.00 515.00 NOTE
r-oldrel-osx-x86_64 0.2.11 NOTE

Check Details

Version: 0.2.11
Check: installed package size
Result: NOTE
     installed size is 5.6Mb
     sub-directories of 1Mb or more:
     data 1.7Mb
     extdata 2.3Mb
Flavors: r-devel-linux-x86_64-fedora-clang, r-devel-windows-ix86+x86_64, r-patched-solaris-x86, r-release-windows-ix86+x86_64, r-release-osx-x86_64, r-oldrel-windows-ix86+x86_64, r-oldrel-osx-x86_64

Version: 0.2.11
Check: dependencies in R code
Result: NOTE
    Namespaces in Imports field not imported from:
     ‘dplyr’ ‘readr’
     All declared Imports should be used.
Flavors: r-devel-linux-x86_64-fedora-clang, r-devel-linux-x86_64-fedora-gcc, r-patched-solaris-x86, r-release-osx-x86_64, r-oldrel-osx-x86_64