CRAN Package Check Results for Package prozor

Last updated on 2018-10-17 06:47:03 CEST.

Flavor Version Tinstall Tcheck Ttotal Status Flags
r-devel-linux-x86_64-debian-clang 0.2.11 6.90 406.71 413.61 OK
r-devel-linux-x86_64-debian-gcc 0.2.11 6.86 321.85 328.71 OK
r-devel-linux-x86_64-fedora-clang 0.2.11 517.57 NOTE
r-devel-linux-x86_64-fedora-gcc 0.2.11 473.72 NOTE
r-devel-windows-ix86+x86_64 0.2.11 18.00 382.00 400.00 NOTE
r-patched-linux-x86_64 0.2.11 5.09 379.67 384.76 OK
r-patched-solaris-x86 0.2.11 686.00 NOTE
r-release-linux-x86_64 0.2.11 5.97 370.73 376.70 OK
r-release-windows-ix86+x86_64 0.2.11 15.00 469.00 484.00 NOTE
r-release-osx-x86_64 0.2.11 NOTE
r-oldrel-windows-ix86+x86_64 0.2.11 19.00 419.00 438.00 NOTE
r-oldrel-osx-x86_64 0.2.11 NOTE

Check Details

Version: 0.2.11
Check: installed package size
Result: NOTE
     installed size is 5.6Mb
     sub-directories of 1Mb or more:
     data 1.7Mb
     extdata 2.3Mb
Flavors: r-devel-linux-x86_64-fedora-clang, r-devel-windows-ix86+x86_64, r-patched-solaris-x86, r-release-windows-ix86+x86_64, r-release-osx-x86_64, r-oldrel-windows-ix86+x86_64, r-oldrel-osx-x86_64

Version: 0.2.11
Check: dependencies in R code
Result: NOTE
    Namespaces in Imports field not imported from:
     ‘dplyr’ ‘readr’
     All declared Imports should be used.
Flavors: r-devel-linux-x86_64-fedora-clang, r-devel-linux-x86_64-fedora-gcc, r-patched-solaris-x86, r-release-osx-x86_64, r-oldrel-osx-x86_64