CRAN Package Check Results for Package ps

Last updated on 2021-04-10 21:49:11 CEST.

Flavor Version Tinstall Tcheck Ttotal Status Flags
r-devel-linux-x86_64-debian-clang 1.6.0 8.71 49.33 58.04 OK
r-devel-linux-x86_64-debian-gcc 1.6.0 6.41 38.98 45.39 OK
r-devel-linux-x86_64-fedora-clang 1.6.0 82.07 OK
r-devel-linux-x86_64-fedora-gcc 1.6.0 67.15 OK
r-devel-windows-ix86+x86_64 1.6.0 59.00 108.00 167.00 OK
r-devel-windows-x86_64-gcc10-UCRT 1.6.0 ERROR
r-patched-linux-x86_64 1.6.0 8.74 46.30 55.04 OK
r-patched-solaris-x86 1.6.0 67.80 OK
r-release-linux-x86_64 1.6.0 8.60 46.72 55.32 OK
r-release-macos-x86_64 1.6.0 OK
r-release-windows-ix86+x86_64 1.6.0 54.00 151.00 205.00 OK
r-oldrel-macos-x86_64 1.6.0 OK
r-oldrel-windows-ix86+x86_64 1.6.0 47.00 146.00 193.00 OK

Check Details

Version: 1.6.0
Check: tests
Result: ERROR
     Running 'testthat.R'
    Running the tests in 'tests/testthat.R' failed.
    Last 13 lines of output:
     / | 0 | winver
     v | 6 | winver
    
     == Results =====================================================================
     Duration: 119.8 s
    
     -- Skipped tests --------------------------------------------------------------
     * Needs working IPv6 connection (1)
     * No UNIX sockets (2)
     * On CRAN (11)
     * socat is not available (6)
    
     [ FAIL 5 | WARN 0 | SKIP 20 | PASS 241 ]
     Error: Test failures
     Execution halted
Flavor: r-devel-windows-x86_64-gcc10-UCRT