CRAN Package Check Results for Package psSubpathway

Last updated on 2022-08-10 04:54:09 CEST.

Flavor Version Tinstall Tcheck Ttotal Status Flags
r-devel-linux-x86_64-debian-clang 0.1.1 55.52 434.62 490.14 OK
r-devel-linux-x86_64-debian-gcc 0.1.1 43.27 323.69 366.96 OK
r-devel-linux-x86_64-fedora-clang 0.1.1 626.83 OK
r-devel-linux-x86_64-fedora-gcc 0.1.1 594.57 OK
r-devel-windows-x86_64 0.1.1 236.00 495.00 731.00 OK
r-patched-linux-x86_64 0.1.1 51.24 414.70 465.94 OK
r-release-linux-x86_64 0.1.1 OK
r-release-macos-arm64 0.1.1 169.00 OK
r-release-macos-x86_64 0.1.1 250.00 OK
r-release-windows-x86_64 0.1.1 272.00 500.00 772.00 OK
r-oldrel-macos-arm64 0.1.1 248.00 NOTE
r-oldrel-macos-x86_64 0.1.1 309.00 OK
r-oldrel-windows-ix86+x86_64 0.1.1 112.00 701.00 813.00 OK

Check Details

Version: 0.1.1
Check: installed package size
Result: NOTE
     installed size is 5.1Mb
     sub-directories of 1Mb or more:
     data 4.6Mb
Flavor: r-oldrel-macos-arm64