CRAN Package Check Results for Package psborrow2

Last updated on 2024-06-13 01:58:01 CEST.

Flavor Version Tinstall Tcheck Ttotal Status Flags
r-devel-linux-x86_64-debian-clang 0.0.3.4 13.95 150.00 163.95 NOTE
r-devel-linux-x86_64-debian-gcc 0.0.3.4 0.77 1.92 2.69 ERROR
r-devel-linux-x86_64-fedora-clang 0.0.3.4 205.05 NOTE
r-devel-linux-x86_64-fedora-gcc 0.0.3.4 210.29 NOTE
r-devel-windows-x86_64 0.0.3.4 15.00 148.00 163.00 NOTE
r-patched-linux-x86_64 0.0.3.4 19.95 139.53 159.48 NOTE
r-release-linux-x86_64 0.0.3.4 12.83 141.43 154.26 NOTE
r-release-macos-arm64 0.0.3.4 72.00 NOTE
r-release-macos-x86_64 0.0.3.4 103.00 NOTE
r-release-windows-x86_64 0.0.3.4 15.00 147.00 162.00 NOTE
r-oldrel-macos-arm64 0.0.3.4 84.00 NOTE
r-oldrel-macos-x86_64 0.0.3.4 171.00 NOTE
r-oldrel-windows-x86_64 0.0.3.4 19.00 176.00 195.00 NOTE

Check Details

Version: 0.0.3.4
Check: package dependencies
Result: NOTE Package suggested but not available for checking: ‘cmdstanr’ Flavors: r-devel-linux-x86_64-debian-clang, r-devel-linux-x86_64-fedora-clang, r-devel-linux-x86_64-fedora-gcc, r-devel-windows-x86_64, r-patched-linux-x86_64, r-release-linux-x86_64, r-release-macos-arm64, r-release-macos-x86_64, r-release-windows-x86_64, r-oldrel-macos-arm64, r-oldrel-macos-x86_64, r-oldrel-windows-x86_64

Version: 0.0.3.4
Check: package dependencies
Result: ERROR Package required but not available: ‘posterior’ Packages suggested but not available for checking: 'cmdstanr', 'flexsurv', 'testthat', 'usethis', 'vdiffr', 'tibble', 'bayesplot', 'WeightIt', 'ggsurvfit', 'ggplot2', 'cobalt', 'gt', 'gtsummary' See section ‘The DESCRIPTION file’ in the ‘Writing R Extensions’ manual. Flavor: r-devel-linux-x86_64-debian-gcc