CRAN Package Check Results for Package pseval

Last updated on 2022-05-21 02:50:52 CEST.

Flavor Version Tinstall Tcheck Ttotal Status Flags
r-devel-linux-x86_64-debian-clang 1.3.1 4.52 202.12 206.64 NOTE
r-devel-linux-x86_64-debian-gcc 1.3.1 3.26 143.15 146.41 NOTE
r-devel-linux-x86_64-fedora-clang 1.3.1 233.98 NOTE
r-devel-linux-x86_64-fedora-gcc 1.3.1 228.11 NOTE
r-devel-windows-x86_64 1.3.1 18.00 224.00 242.00 NOTE
r-patched-linux-x86_64 1.3.1 5.28 186.46 191.74 NOTE
r-release-linux-x86_64 1.3.1 4.67 186.70 191.37 NOTE
r-release-macos-arm64 1.3.1 52.00 NOTE
r-release-macos-x86_64 1.3.1 84.00 NOTE
r-release-windows-x86_64 1.3.1 17.00 220.00 237.00 NOTE
r-oldrel-macos-arm64 1.3.1 72.00 NOTE
r-oldrel-macos-x86_64 1.3.1 112.00 NOTE
r-oldrel-windows-ix86+x86_64 1.3.1 9.00 229.00 238.00 NOTE

Check Details

Version: 1.3.1
Check: LazyData
Result: NOTE
     'LazyData' is specified without a 'data' directory
Flavors: r-devel-linux-x86_64-debian-clang, r-devel-linux-x86_64-debian-gcc, r-devel-linux-x86_64-fedora-clang, r-devel-linux-x86_64-fedora-gcc, r-devel-windows-x86_64, r-patched-linux-x86_64, r-release-linux-x86_64, r-release-macos-arm64, r-release-macos-x86_64, r-release-windows-x86_64, r-oldrel-macos-arm64, r-oldrel-macos-x86_64, r-oldrel-windows-ix86+x86_64