CRAN Package Check Results for Package psfmi

Last updated on 2021-04-22 18:48:45 CEST.

Flavor Version Tinstall Tcheck Ttotal Status Flags
r-devel-linux-x86_64-debian-clang 0.7.1 25.06 696.07 721.13 OK
r-devel-linux-x86_64-debian-gcc 0.7.1 18.61 501.12 519.73 OK
r-devel-linux-x86_64-fedora-clang 0.7.1 822.81 OK
r-devel-linux-x86_64-fedora-gcc 0.7.1 833.21 OK
r-devel-windows-ix86+x86_64 0.7.1 52.00 812.00 864.00 OK
r-devel-windows-x86_64-gcc10-UCRT 0.7.1 OK
r-patched-linux-x86_64 0.7.1 22.18 664.20 686.38 OK
r-patched-solaris-x86 0.7.1 1099.70 OK
r-release-linux-x86_64 0.7.1 19.71 666.45 686.16 OK
r-release-macos-x86_64 0.7.1 OK
r-release-windows-ix86+x86_64 0.7.1 52.00 634.00 686.00 OK
r-oldrel-macos-x86_64 0.7.1 ERROR
r-oldrel-windows-ix86+x86_64 0.5.0 44.00 503.00 547.00 NOTE

Additional issues

OpenBLAS

Check Details

Version: 0.7.1
Check: whether package can be installed
Result: ERROR
    Installation failed.
Flavor: r-oldrel-macos-x86_64

Version: 0.5.0
Check: installed package size
Result: NOTE
     installed size is 7.0Mb
     sub-directories of 1Mb or more:
     doc 6.5Mb
Flavor: r-oldrel-windows-ix86+x86_64