CRAN Package Check Results for Package psgp

Last updated on 2020-01-19 15:47:41 CET.

Flavor Version Tinstall Tcheck Ttotal Status Flags
r-devel-linux-x86_64-debian-clang 0.3-18 249.77 62.58 312.35 OK
r-devel-linux-x86_64-debian-gcc 0.3-18 171.96 49.11 221.07 OK
r-devel-linux-x86_64-fedora-clang 0.3-18 452.96 NOTE
r-devel-linux-x86_64-fedora-gcc 0.3-18 418.68 OK
r-devel-windows-ix86+x86_64 0.3-18 633.00 112.00 745.00 OK
r-devel-windows-ix86+x86_64-gcc8 0.3-18 535.00 150.00 685.00 OK
r-patched-linux-x86_64 0.3-18 203.85 56.32 260.17 OK
r-patched-solaris-x86 0.3-18 401.60 OK
r-release-linux-x86_64 0.3-18 202.27 56.58 258.85 OK
r-release-windows-ix86+x86_64 0.3-18 614.00 94.00 708.00 OK
r-release-osx-x86_64 0.3-18 NOTE
r-oldrel-windows-ix86+x86_64 0.3-18 525.00 101.00 626.00 OK
r-oldrel-osx-x86_64 0.3-18 NOTE

Additional issues

ATLAS MKL OpenBLAS

Check Details

Version: 0.3-18
Check: installed package size
Result: NOTE
     installed size is 8.1Mb
     sub-directories of 1Mb or more:
     libs 7.9Mb
Flavors: r-devel-linux-x86_64-fedora-clang, r-release-osx-x86_64, r-oldrel-osx-x86_64