CRAN Package Check Results for Package psgp

Last updated on 2019-09-16 00:47:49 CEST.

Flavor Version Tinstall Tcheck Ttotal Status Flags
r-devel-linux-x86_64-debian-clang 0.3-18 221.15 86.36 307.51 OK
r-devel-linux-x86_64-debian-gcc 0.3-18 176.46 65.71 242.17 OK
r-devel-linux-x86_64-fedora-clang 0.3-18 480.01 NOTE
r-devel-linux-x86_64-fedora-gcc 0.3-18 442.67 OK
r-devel-windows-ix86+x86_64 0.3-18 522.00 193.00 715.00 OK
r-patched-linux-x86_64 0.3-18 187.98 85.00 272.98 OK
r-patched-solaris-x86 0.3-18 418.80 OK
r-release-linux-x86_64 0.3-18 189.01 85.22 274.23 OK
r-release-windows-ix86+x86_64 0.3-18 366.00 145.00 511.00 OK
r-release-osx-x86_64 0.3-18 NOTE
r-oldrel-windows-ix86+x86_64 0.3-18 492.00 134.00 626.00 OK
r-oldrel-osx-x86_64 0.3-18 NOTE

Check Details

Version: 0.3-18
Check: installed package size
Result: NOTE
     installed size is 7.8Mb
     sub-directories of 1Mb or more:
     libs 7.7Mb
Flavors: r-devel-linux-x86_64-fedora-clang, r-release-osx-x86_64, r-oldrel-osx-x86_64