CRAN Package Check Results for Package psgp

Last updated on 2022-12-05 06:51:49 CET.

Flavor Version Tinstall Tcheck Ttotal Status Flags
r-devel-linux-x86_64-debian-clang 0.3-19 288.62 112.74 401.36 OK
r-devel-linux-x86_64-debian-gcc 0.3-19 213.65 82.42 296.07 OK
r-devel-linux-x86_64-fedora-clang 0.3-19 638.13 OK
r-devel-linux-x86_64-fedora-gcc 0.3-19 558.41 OK
r-devel-windows-x86_64 0.3-19 206.00 182.00 388.00 OK
r-patched-linux-x86_64 0.3-19 195.40 107.96 303.36 OK
r-release-linux-x86_64 0.3-19 204.80 105.50 310.30 OK
r-release-macos-arm64 0.3-19 92.00 NOTE
r-release-macos-x86_64 0.3-19 218.00 NOTE
r-release-windows-x86_64 0.3-19 204.00 184.00 388.00 OK
r-oldrel-macos-arm64 0.3-19 117.00 NOTE
r-oldrel-macos-x86_64 0.3-19 179.00 NOTE
r-oldrel-windows-ix86+x86_64 0.3-19 743.00 234.00 977.00 OK

Check Details

Version: 0.3-19
Check: installed package size
Result: NOTE
     installed size is 8.6Mb
     sub-directories of 1Mb or more:
     libs 8.5Mb
Flavors: r-release-macos-arm64, r-release-macos-x86_64, r-oldrel-macos-arm64, r-oldrel-macos-x86_64