CRAN Package Check Results for Package pspline

Last updated on 2021-03-05 13:48:32 CET.

Flavor Version Tinstall Tcheck Ttotal Status Flags
r-devel-linux-x86_64-debian-clang 1.0-18 3.82 21.90 25.72 NOTE
r-devel-linux-x86_64-debian-gcc 1.0-18 2.86 17.41 20.27 NOTE
r-devel-linux-x86_64-fedora-clang 1.0-18 40.69 NOTE
r-devel-linux-x86_64-fedora-gcc 1.0-18 30.67 NOTE
r-devel-windows-ix86+x86_64 1.0-18 10.00 32.00 42.00 OK
r-patched-linux-x86_64 1.0-18 NOTE
r-patched-solaris-x86 1.0-18 48.60 OK
r-release-linux-x86_64 1.0-18 3.93 20.87 24.80 NOTE
r-release-macos-x86_64 1.0-18 OK
r-release-windows-ix86+x86_64 1.0-18 9.00 33.00 42.00 OK
r-oldrel-macos-x86_64 1.0-18 OK
r-oldrel-windows-ix86+x86_64 1.0-18 10.00 48.00 58.00 OK

Check Details

Version: 1.0-18
Check: top-level files
Result: NOTE
    Non-standard file/directory found at top level:
     'orig'
Flavors: r-devel-linux-x86_64-debian-clang, r-devel-linux-x86_64-debian-gcc, r-devel-linux-x86_64-fedora-clang, r-devel-linux-x86_64-fedora-gcc, r-patched-linux-x86_64, r-release-linux-x86_64