CRAN Package Check Results for Package pstest

Last updated on 2019-03-24 08:48:42 CET.

Flavor Version Tinstall Tcheck Ttotal Status Flags
r-devel-linux-x86_64-debian-clang 0.1.1 2.58 24.31 26.89 OK
r-devel-linux-x86_64-debian-gcc 0.1.1 2.03 20.37 22.40 OK
r-devel-linux-x86_64-fedora-clang 0.1.1 35.74 OK
r-devel-linux-x86_64-fedora-gcc 0.1.1 32.48 OK
r-devel-windows-ix86+x86_64 0.1.1 7.00 49.00 56.00 OK
r-patched-linux-x86_64 0.1.1 1.63 23.23 24.86 OK
r-patched-solaris-x86 0.1.1 49.10 OK
r-release-linux-x86_64 0.1.1 0.32 1.87 2.19 ERROR
r-release-windows-ix86+x86_64 0.1.1 3.00 39.00 42.00 OK
r-release-osx-x86_64 0.1.1 OK
r-oldrel-windows-ix86+x86_64 0.1.1 4.00 39.00 43.00 OK
r-oldrel-osx-x86_64 0.1.1 OK

Check Details

Version: 0.1.1
Check: whether package can be installed
Result: ERROR
    Installation failed.
Flavor: r-release-linux-x86_64