CRAN Package Check Results for Package psych

Last updated on 2018-07-18 00:50:02 CEST.

Flavor Version Tinstall Tcheck Ttotal Status Flags
r-devel-linux-x86_64-debian-clang 1.8.4 37.58 310.82 348.40 OK
r-devel-linux-x86_64-debian-gcc 1.8.4 31.91 237.00 268.91 OK
r-devel-linux-x86_64-fedora-clang 1.8.4 410.29 NOTE
r-devel-linux-x86_64-fedora-gcc 1.8.4 397.40 OK
r-devel-windows-ix86+x86_64 1.8.4 68.00 400.00 468.00 NOTE
r-patched-linux-x86_64 1.8.4 37.40 309.64 347.04 OK
r-patched-solaris-x86 1.8.4 480.10 NOTE
r-release-linux-x86_64 1.8.4 38.16 309.66 347.82 OK
r-release-windows-ix86+x86_64 1.8.4 68.00 406.00 474.00 NOTE
r-release-osx-x86_64 1.8.4 NOTE
r-oldrel-windows-ix86+x86_64 1.8.4 53.00 420.00 473.00 NOTE
r-oldrel-osx-x86_64 1.8.4 NOTE

Check Details

Version: 1.8.4
Check: installed package size
Result: NOTE
     installed size is 6.2Mb
     sub-directories of 1Mb or more:
     R 1.6Mb
     doc 2.4Mb
Flavors: r-devel-linux-x86_64-fedora-clang, r-devel-windows-ix86+x86_64, r-patched-solaris-x86, r-release-windows-ix86+x86_64, r-release-osx-x86_64, r-oldrel-windows-ix86+x86_64, r-oldrel-osx-x86_64