CRAN Package Check Results for Package psych

Last updated on 2018-01-18 11:50:08 CET.

Flavor Version Tinstall Tcheck Ttotal Status Flags
r-devel-linux-x86_64-debian-clang 1.7.8 37.26 289.19 326.45 OK
r-devel-linux-x86_64-debian-gcc 1.7.8 42.15 232.01 274.16 OK
r-devel-linux-x86_64-fedora-clang 1.7.8 398.36 NOTE
r-devel-linux-x86_64-fedora-gcc 1.7.8 387.31 NOTE
r-devel-windows-ix86+x86_64 1.7.8 73.00 302.00 375.00 NOTE
r-patched-linux-x86_64 1.7.8 38.63 309.08 347.71 OK
r-patched-solaris-x86 1.7.8 451.50 NOTE
r-release-linux-x86_64 1.7.8 31.38 304.40 335.78 OK
r-release-windows-ix86+x86_64 1.7.8 46.00 403.00 449.00 NOTE
r-release-osx-x86_64 1.7.8 ERROR
r-oldrel-windows-ix86+x86_64 1.7.8 58.00 390.00 448.00 NOTE
r-oldrel-osx-x86_64 1.7.8 ERROR

Check Details

Version: 1.7.8
Check: installed package size
Result: NOTE
     installed size is 5.8Mb
     sub-directories of 1Mb or more:
     R 1.6Mb
     doc 2.4Mb
Flavors: r-devel-linux-x86_64-fedora-clang, r-devel-linux-x86_64-fedora-gcc, r-devel-windows-ix86+x86_64, r-patched-solaris-x86, r-release-windows-ix86+x86_64, r-release-osx-x86_64, r-oldrel-windows-ix86+x86_64, r-oldrel-osx-x86_64

Version: 1.7.8
Check: running R code from vignettes
Result: ERROR
    Errors in running code in vignettes:
    when running code in ‘overview.Rnw’
     ...
    
    > if (!require("GPArotation")) {
    + stop("GPArotation must be installed to do rotations")
    + } else {
    + f3t <- fa(Thurstone, 3, n.obs = 213)
    + .... [TRUNCATED]
    
     When sourcing ‘overview.R’:
    Error: could not find function "fa"
    Execution halted
Flavors: r-release-osx-x86_64, r-oldrel-osx-x86_64