CRAN Package Check Results for Package psychTools

Last updated on 2021-06-18 14:52:02 CEST.

Flavor Version Tinstall Tcheck Ttotal Status Flags
r-devel-linux-x86_64-debian-clang 2.1.3 5.49 248.46 253.95 OK
r-devel-linux-x86_64-debian-gcc 2.1.3 4.64 183.20 187.84 OK
r-devel-linux-x86_64-fedora-clang 2.1.3 294.25 OK
r-devel-linux-x86_64-fedora-gcc 2.1.3 288.22 OK
r-devel-windows-x86_64 2.1.3 9.00 288.00 297.00 OK
r-devel-windows-x86_64-gcc10-UCRT 2.1.3 OK
r-patched-linux-x86_64 2.1.3 9.17 238.86 248.03 OK
r-patched-solaris-x86 2.1.3 387.20 NOTE
r-release-linux-x86_64 2.1.3 5.64 239.50 245.14 OK
r-release-macos-arm64 2.1.3 OK
r-release-macos-x86_64 2.1.3 OK
r-release-windows-ix86+x86_64 2.1.3 11.00 302.00 313.00 OK
r-oldrel-macos-x86_64 2.1.3 OK
r-oldrel-windows-ix86+x86_64 2.1.3 7.00 298.00 305.00 OK

Check Details

Version: 2.1.3
Check: installed package size
Result: NOTE
     installed size is 5.4Mb
     sub-directories of 1Mb or more:
     data 1.1Mb
     doc 3.8Mb
Flavor: r-patched-solaris-x86