CRAN Package Check Results for Package psychmeta

Last updated on 2018-05-23 16:48:19 CEST.

Flavor Version Tinstall Tcheck Ttotal Status Flags
r-devel-linux-x86_64-debian-clang 1.0.2 44.85 278.74 323.59 OK
r-devel-linux-x86_64-debian-gcc 1.0.2 0.64 1.52 2.16 ERROR
r-devel-linux-x86_64-fedora-clang 1.0.2 395.95 OK
r-devel-linux-x86_64-fedora-gcc 1.0.2 386.74 OK
r-devel-windows-ix86+x86_64 1.0.2 74.00 404.00 478.00 OK
r-patched-linux-x86_64 1.0.2 47.94 273.82 321.76 OK
r-patched-solaris-x86 1.0.2 455.00 OK
r-release-linux-x86_64 1.0.2 47.21 260.23 307.44 OK
r-release-windows-ix86+x86_64 1.0.2 97.00 360.00 457.00 OK
r-release-osx-x86_64 1.0.2 OK
r-oldrel-windows-ix86+x86_64 1.0.2 37.00 404.00 441.00 OK
r-oldrel-osx-x86_64 1.0.0 NOTE

Check Details

Version: 1.0.2
Check: package dependencies
Result: ERROR
    Packages required but not available: ‘tibble’ ‘ggplot2’ ‘dplyr’ ‘tidyr’
    
    See section ‘The DESCRIPTION file’ in the ‘Writing R Extensions’
    manual.
Flavor: r-devel-linux-x86_64-debian-gcc

Version: 1.0.0
Check: dependencies in R code
Result: NOTE
    Namespace in Imports field not imported from: ‘knitr’
     All declared Imports should be used.
Flavor: r-oldrel-osx-x86_64

Version: 1.0.0
Check: data for non-ASCII characters
Result: NOTE
     Note: found 5 marked UTF-8 strings
Flavor: r-oldrel-osx-x86_64