CRAN Package Check Results for Package psychmeta

Last updated on 2018-02-17 19:46:38 CET.

Flavor Version Tinstall Tcheck Ttotal Status Flags
r-devel-linux-x86_64-debian-clang 0.2.3 38.62 211.03 249.65 OK
r-devel-linux-x86_64-debian-gcc 0.2.3 35.41 156.93 192.34 OK
r-devel-linux-x86_64-fedora-clang 0.2.3 293.86 NOTE
r-devel-linux-x86_64-fedora-gcc 0.2.3 283.22 NOTE
r-devel-windows-ix86+x86_64 0.2.3 48.00 197.00 245.00 OK
r-patched-linux-x86_64 0.2.3 10.50 251.70 262.20 OK
r-patched-solaris-x86 0.2.3 334.30 NOTE
r-release-linux-x86_64 0.2.3 8.32 242.06 250.38 OK
r-release-windows-ix86+x86_64 0.2.3 31.00 298.00 329.00 OK
r-release-osx-x86_64 0.2.3 NOTE
r-oldrel-windows-ix86+x86_64 0.1.3 15.00 153.00 168.00 ERROR
r-oldrel-osx-x86_64 0.2.0 ERROR

Check Details

Version: 0.2.3
Check: data for non-ASCII characters
Result: NOTE
     Note: found 5 marked UTF-8 strings
Flavors: r-devel-linux-x86_64-fedora-clang, r-devel-linux-x86_64-fedora-gcc, r-patched-solaris-x86, r-release-osx-x86_64

Version: 0.1.3
Check: examples
Result: ERROR
    Running examples in 'psychmeta-Ex.R' failed
    The error most likely occurred in:
    
    > ### Name: correct_d
    > ### Title: Correct _d_ values for range restriction and/or measurement
    > ### error
    > ### Aliases: correct_d
    >
    > ### ** Examples
    >
    > ## Correction for measurement error only
    > correct_d(correction = "meas", d = .5, ryy = .8, uy = .7,
    + rGg = .9, pi = .7, pa = .5)
    
    d Values Corrected for Measurement Error:
    ---------------------------------------------------------------------------------------
     dgy dgp dGy dGp
    1 0.458 0.516 0.512 0.578
    > correct_d(correction = "meas", d = .5, ryy = .8, uy = .7,
    + rGg = .9, pi = NULL, pa = .5, n1 = 100, n2 = 200)
    
    d Values Corrected for Measurement Error:
    ---------------------------------------------------------------------------------------
     value CI_LL_95 CI_UL_95 n n_effective
    1 0.595 0.3 0.912 300 183
    >
    > ## Correction for direct range restriction in the continuous variable
    > correct_d(correction = "uvdrr_y", d = .5, ryy = .8, uy = .7,
    + rGg = .9, pi = .7, pa = .5)
    Error in indirect_rr | rxxa_consistency :
     operations are possible only for numeric, logical or complex types
    Calls: correct_d -> correct_r -> correct_r_uvdrr
    Execution halted
Flavor: r-oldrel-windows-ix86+x86_64

Version: 0.2.0
Check: whether package can be installed
Result: ERROR
    Installation failed.
Flavor: r-oldrel-osx-x86_64