CRAN Package Check Results for Package psycho

Last updated on 2018-02-17 23:47:58 CET.

Flavor Version Tinstall Tcheck Ttotal Status Flags
r-devel-linux-x86_64-debian-clang 0.1.0 8.07 232.20 240.27 OK
r-devel-linux-x86_64-debian-gcc 0.1.0 6.45 171.54 177.99 OK
r-devel-linux-x86_64-fedora-clang 0.1.0 293.85 OK
r-devel-linux-x86_64-fedora-gcc 0.1.0 283.62 OK
r-devel-windows-ix86+x86_64 0.1.0 22.00 201.00 223.00 OK
r-patched-linux-x86_64 0.1.0 7.43 268.57 276.00 OK
r-patched-solaris-x86 0.1.0 441.10 OK
r-release-linux-x86_64 0.1.0 7.59 265.59 273.18 OK
r-release-windows-ix86+x86_64 0.1.0 40.00 383.00 423.00 OK
r-release-osx-x86_64 0.1.0 OK
r-oldrel-windows-ix86+x86_64 0.1.0 16.00 259.00 275.00 OK
r-oldrel-osx-x86_64 0.0.2 NOTE

Check Details

Version: 0.0.2
Check: dependencies in R code
Result: NOTE
    Namespaces in Imports field not imported from:
     ‘rtf’ ‘tidyverse’
     All declared Imports should be used.
Flavor: r-oldrel-osx-x86_64