CRAN Package Check Results for Package psycho

Last updated on 2018-11-18 12:46:33 CET.

Flavor Version Tinstall Tcheck Ttotal Status Flags
r-devel-linux-x86_64-debian-clang 0.3.7 11.67 634.42 646.09 OK
r-devel-linux-x86_64-debian-gcc 0.3.7 9.85 431.45 441.30 OK
r-devel-linux-x86_64-fedora-clang 0.3.7 771.09 NOTE
r-devel-linux-x86_64-fedora-gcc 0.3.7 683.47 NOTE
r-devel-windows-ix86+x86_64 0.3.7 42.00 272.00 314.00 OK --no-vignettes
r-patched-linux-x86_64 0.3.7 11.48 553.75 565.23 OK
r-patched-solaris-x86 0.3.7 1011.10 WARN
r-release-linux-x86_64 0.3.7 11.36 555.19 566.55 OK
r-release-windows-ix86+x86_64 0.3.7 47.00 398.00 445.00 OK --no-vignettes
r-release-osx-x86_64 0.3.7 WARN
r-oldrel-windows-ix86+x86_64 0.3.6 23.00 461.00 484.00 ERROR --no-vignettes
r-oldrel-osx-x86_64 0.3.7 ERROR

Check Details

Version: 0.3.7
Check: dependencies in R code
Result: NOTE
    Namespace in Imports field not imported from: ‘methods’
     All declared Imports should be used.
Flavors: r-devel-linux-x86_64-fedora-clang, r-devel-linux-x86_64-fedora-gcc, r-patched-solaris-x86, r-release-osx-x86_64

Version: 0.3.7
Check: installed package size
Result: NOTE
     installed size is 5.2Mb
     sub-directories of 1Mb or more:
     doc 4.4Mb
Flavor: r-patched-solaris-x86

Version: 0.3.7
Check: re-building of vignette outputs
Result: WARN
    Error in re-building vignettes:
     ...
    Warning in engine$weave(file, quiet = quiet, encoding = enc) :
     Pandoc (>= 1.12.3) and/or pandoc-citeproc not available. Falling back to R Markdown v1.
    Loading required package: Rcpp
    rstanarm (Version 2.18.1, packaged: 2018-10-20 22:29:40 UTC)
    - Do not expect the default priors to remain the same in future rstanarm versions.
    Thus, R scripts should specify priors explicitly, even if they are just the defaults.
    - For execution on a local, multicore CPU with excess RAM we recommend calling
    options(mc.cores = parallel::detectCores())
    - Plotting theme set to bayesplot::theme_default().
    
    Attaching package: 'dplyr'
    
    The following objects are masked from 'package:stats':
    
     filter, lag
    
    The following objects are masked from 'package:base':
    
     intersect, setdiff, setequal, union
    
    Warning in ypredloo - y :
     longer object length is not a multiple of shorter object length
    Warning: There were 9 divergent transitions after warmup. Increasing adapt_delta above 0.95 may help. See
    http://mc-stan.org/misc/warnings.html#divergent-transitions-after-warmup
    Warning: Examine the pairs() plot to diagnose sampling problems
    
    Warning: Markov chains did not converge! Do not analyze results!
    
    Attaching package: 'plotly'
    
    The following object is masked from 'package:ggplot2':
    
     last_plot
    
    The following object is masked from 'package:stats':
    
     filter
    
    The following object is masked from 'package:graphics':
    
     layout
    
    Quitting from lines 512-540 (bayesian.Rmd)
    Error: processing vignette 'bayesian.Rmd' failed with diagnostics:
    there is no package called 'webshot'
    Execution halted
Flavor: r-patched-solaris-x86

Version: 0.3.7
Check: re-building of vignette outputs
Result: WARN
    Error in re-building vignettes:
     ...
    The following object is masked from 'package:ggplot2':
    
     last_plot
    
    The following objects are masked from 'package:rstanarm':
    
     get_x, get_y
    
    The following object is masked from 'package:stats':
    
     filter
    
    The following object is masked from 'package:graphics':
    
     layout
    
    PhantomJS not found. You can install it with webshot::install_phantomjs(). If it is installed, please make sure the phantomjs executable can be found via the PATH variable.
    Warning in normalizePath(f2) :
     path[1]="./webshot6d9639cf936a.png": No such file or directory
    Warning in file(con, "rb") :
     cannot open file './webshot6d9639cf936a.png': No such file or directory
    Quitting from lines 512-540 (bayesian.Rmd)
    Error: processing vignette 'bayesian.Rmd' failed with diagnostics:
    cannot open the connection
    Execution halted
Flavor: r-release-osx-x86_64

Version: 0.3.6
Flags: --no-vignettes
Check: R code for possible problems
Result: NOTE
    simulate_data_regression: possible error in diag(x = 1, nrow = n_var +
     1, ncol = n_var + 1, names = TRUE): unused argument (names = TRUE)
Flavor: r-oldrel-windows-ix86+x86_64

Version: 0.3.6
Flags: --no-vignettes
Check: for unstated dependencies in examples
Result: WARN
    Warning in parse(file = files, n = -1L) :
     invalid input found on input connection 'psycho-Ex.R'
Flavor: r-oldrel-windows-ix86+x86_64

Version: 0.3.6
Flags: --no-vignettes
Check: examples
Result: ERROR
    Running examples in 'psycho-Ex.R' failed
    The error most likely occurred in:
    
    > ### Name: simulate_data_regression
    > ### Title: Simulates data for single or multiple regression.
    > ### Aliases: simulate_data_regression
    >
    > ### ** Examples
    >
    > library(psycho)
    >
    > data <- simulate_data_regression(coefs=c(0.1, 0.8), sample=50, error=0)
    Error in diag(x = 1, nrow = n_var + 1, ncol = n_var + 1, names = TRUE) :
     unused argument (names = TRUE)
    Calls: simulate_data_regression
    Execution halted
Flavor: r-oldrel-windows-ix86+x86_64

Version: 0.3.7
Check: whether package can be installed
Result: ERROR
    Installation failed.
Flavor: r-oldrel-osx-x86_64