CRAN Package Check Results for Package psychomix

Last updated on 2019-08-17 18:46:19 CEST.

Flavor Version Tinstall Tcheck Ttotal Status Flags
r-devel-linux-x86_64-debian-clang 1.1-7 7.46 63.08 70.54 OK --no-vignettes
r-devel-linux-x86_64-debian-gcc 1.1-7 7.31 48.96 56.27 OK --no-vignettes
r-devel-linux-x86_64-fedora-clang 1.1-7 647.16 NOTE
r-devel-linux-x86_64-fedora-gcc 1.1-7 631.84 NOTE
r-devel-windows-ix86+x86_64 1.1-7 22.00 143.00 165.00 OK --no-vignettes
r-patched-linux-x86_64 1.1-7 8.05 62.49 70.54 OK --no-vignettes
r-patched-solaris-x86 1.1-7 1095.60 NOTE
r-release-linux-x86_64 1.1-7 7.04 62.58 69.62 OK --no-vignettes
r-release-windows-ix86+x86_64 1.1-7 22.00 77.00 99.00 OK --no-vignettes
r-release-osx-x86_64 1.1-7 OK
r-oldrel-windows-ix86+x86_64 1.1-7 16.00 92.00 108.00 OK --no-vignettes
r-oldrel-osx-x86_64 1.1-7 OK

Check Details

Version: 1.1-7
Check: running R code from vignettes
Result: NOTE
     ‘raschmix.Rnw’... [209s/226s] NOTE
    differences from ‘raschmix.Rout.save’
    85c85
    < item.Item04 1.5167299 -1.7742828
    ---
    > item.Item04 1.5167298 -1.7742828
    87c87
    < item.Item06 2.8198981 -2.9215417
    ---
    > item.Item06 2.8198982 -2.9215417
    91c91
    < item.Item10 5.2737456 -5.2640452
    ---
    > item.Item10 5.2737457 -5.2640452
     ‘scores.Rnw’... [64s/73s] OK
Flavor: r-devel-linux-x86_64-fedora-clang

Version: 1.1-7
Check: running R code from vignettes
Result: NOTE
     ‘raschmix.Rnw’... [204s/216s] NOTE
    differences from ‘raschmix.Rout.save’
    85c85
    < item.Item04 1.5167299 -1.7742828
    ---
    > item.Item04 1.5167298 -1.7742828
    87c87
    < item.Item06 2.8198981 -2.9215417
    ---
    > item.Item06 2.8198982 -2.9215417
    91c91
    < item.Item10 5.2737456 -5.2640452
    ---
    > item.Item10 5.2737457 -5.2640452
     ‘scores.Rnw’... [61s/66s] OK
Flavor: r-devel-linux-x86_64-fedora-gcc

Version: 1.1-7
Check: running R code from vignettes
Result: NOTE
     ‘raschmix.Rnw’... [376s/427s] NOTE
    differences from ‘raschmix.Rout.save’
    276c276
    < (Intercept) 0 -0.76273586 -3.674368
    ---
    > (Intercept) 0 -0.76273585 -3.674368
     ‘scores.Rnw’... [92s/104s] OK
Flavor: r-patched-solaris-x86