CRAN Package Check Results for Package psychonetrics

Last updated on 2019-09-20 05:47:03 CEST.

Flavor Version Tinstall Tcheck Ttotal Status Flags
r-devel-linux-x86_64-debian-clang 0.3.3 113.17 165.09 278.26 OK
r-devel-linux-x86_64-debian-gcc 0.3.3 102.64 125.35 227.99 OK
r-devel-linux-x86_64-fedora-clang 0.3.3 372.25 NOTE
r-devel-linux-x86_64-fedora-gcc 0.3.3 369.68 OK
r-devel-windows-ix86+x86_64 0.3.3 307.00 359.00 666.00 OK
r-patched-linux-x86_64 0.3.3 113.63 159.89 273.52 OK
r-patched-solaris-x86 0.3.3 398.70 OK
r-release-linux-x86_64 0.3.3 103.19 162.15 265.34 OK
r-release-windows-ix86+x86_64 0.3.3 208.00 252.00 460.00 OK
r-release-osx-x86_64 0.3.3 OK
r-oldrel-windows-ix86+x86_64 0.3.2 293.00 255.00 548.00 OK
r-oldrel-osx-x86_64 0.3.3 ERROR

Check Details

Version: 0.3.3
Check: installed package size
Result: NOTE
     installed size is 6.7Mb
     sub-directories of 1Mb or more:
     libs 6.0Mb
Flavor: r-devel-linux-x86_64-fedora-clang

Version: 0.3.3
Check: whether package can be installed
Result: ERROR
    Installation failed.
Flavor: r-oldrel-osx-x86_64