CRAN Package Check Results for Package psychonetrics

Last updated on 2020-02-27 16:49:27 CET.

Flavor Version Tinstall Tcheck Ttotal Status Flags
r-devel-linux-x86_64-debian-clang 0.6 174.56 196.79 371.35 OK
r-devel-linux-x86_64-debian-gcc 0.6 134.93 148.96 283.89 OK
r-devel-linux-x86_64-fedora-clang 0.6 509.90 NOTE
r-devel-linux-x86_64-fedora-gcc 0.6 471.25 NOTE
r-devel-windows-ix86+x86_64 0.6 358.00 371.00 729.00 OK
r-devel-windows-ix86+x86_64-gcc8 0.6 383.00 269.00 652.00 OK
r-patched-linux-x86_64 0.6 150.44 170.93 321.37 OK
r-patched-solaris-x86 0.6 482.10 NOTE
r-release-linux-x86_64 0.6 150.89 175.71 326.60 OK
r-release-windows-ix86+x86_64 0.6 247.00 256.00 503.00 OK
r-release-osx-x86_64 0.6 NOTE
r-oldrel-windows-ix86+x86_64 0.6 264.00 245.00 509.00 OK
r-oldrel-osx-x86_64 0.6 NOTE

Check Details

Version: 0.6
Check: installed package size
Result: NOTE
     installed size is 9.6Mb
     sub-directories of 1Mb or more:
     libs 8.7Mb
Flavors: r-devel-linux-x86_64-fedora-clang, r-release-osx-x86_64, r-oldrel-osx-x86_64

Version: 0.6
Check: dependencies in R code
Result: NOTE
    Namespace in Imports field not imported from: ‘pbv’
     All declared Imports should be used.
Flavors: r-devel-linux-x86_64-fedora-clang, r-devel-linux-x86_64-fedora-gcc, r-patched-solaris-x86, r-release-osx-x86_64, r-oldrel-osx-x86_64