CRAN Package Check Results for Package ptest

Last updated on 2018-01-21 08:48:36 CET.

Flavor Version Tinstall Tcheck Ttotal Status Flags
r-devel-linux-x86_64-debian-clang 1.0-8 6.22 75.16 81.38 NOTE
r-devel-linux-x86_64-debian-gcc 1.0-8 4.84 57.94 62.78 NOTE
r-devel-linux-x86_64-fedora-clang 1.0-8 101.03 NOTE
r-devel-linux-x86_64-fedora-gcc 1.0-8 97.86 NOTE
r-devel-windows-ix86+x86_64 1.0-8 14.00 106.00 120.00 OK
r-patched-linux-x86_64 1.0-8 6.30 82.18 88.48 NOTE
r-patched-solaris-x86 1.0-8 160.40 OK
r-release-linux-x86_64 1.0-8 5.07 80.83 85.90 NOTE
r-release-windows-ix86+x86_64 1.0-8 17.00 114.00 131.00 OK
r-release-osx-x86_64 1.0-8 OK
r-oldrel-windows-ix86+x86_64 1.0-8 17.00 108.00 125.00 OK
r-oldrel-osx-x86_64 1.0-8 OK

Check Details

Version: 1.0-8
Check: compiled code
Result: NOTE
    File ‘ptest/libs/ptest.so’:
     Found no calls to: ‘R_registerRoutines’, ‘R_useDynamicSymbols’
    
    It is good practice to register native routines and to disable symbol
    search.
    
    See ‘Writing portable packages’ in the ‘Writing R Extensions’ manual.
Flavors: r-devel-linux-x86_64-debian-clang, r-devel-linux-x86_64-debian-gcc, r-devel-linux-x86_64-fedora-clang, r-devel-linux-x86_64-fedora-gcc, r-patched-linux-x86_64, r-release-linux-x86_64