CRAN Package Check Results for Package ptest

Last updated on 2018-07-15 19:51:54 CEST.

Flavor Version Tinstall Tcheck Ttotal Status Flags
r-devel-linux-x86_64-debian-clang 1.0-8 7.83 86.20 94.03 NOTE
r-devel-linux-x86_64-debian-gcc 1.0-8 5.46 66.77 72.23 NOTE
r-devel-linux-x86_64-fedora-clang 1.0-8 107.41 NOTE
r-devel-linux-x86_64-fedora-gcc 1.0-8 105.67 NOTE
r-devel-windows-ix86+x86_64 1.0-8 22.00 106.00 128.00 OK
r-patched-linux-x86_64 1.0-8 6.75 75.37 82.12 NOTE
r-patched-solaris-x86 1.0-8 142.90 OK
r-release-linux-x86_64 1.0-8 5.94 74.89 80.83 NOTE
r-release-windows-ix86+x86_64 1.0-8 16.00 109.00 125.00 OK
r-release-osx-x86_64 1.0-8 OK
r-oldrel-windows-ix86+x86_64 1.0-8 14.00 98.00 112.00 OK
r-oldrel-osx-x86_64 1.0-8 OK

Check Details

Version: 1.0-8
Check: compiled code
Result: NOTE
    File ‘ptest/libs/ptest.so’:
     Found no calls to: ‘R_registerRoutines’, ‘R_useDynamicSymbols’
    
    It is good practice to register native routines and to disable symbol
    search.
    
    See ‘Writing portable packages’ in the ‘Writing R Extensions’ manual.
Flavors: r-devel-linux-x86_64-debian-clang, r-devel-linux-x86_64-debian-gcc, r-devel-linux-x86_64-fedora-clang, r-devel-linux-x86_64-fedora-gcc, r-patched-linux-x86_64, r-release-linux-x86_64