CRAN Package Check Results for Package ptest

Last updated on 2018-04-27 04:50:57 CEST.

Flavor Version Tinstall Tcheck Ttotal Status Flags
r-devel-linux-x86_64-debian-clang 1.0-8 6.52 68.72 75.24 NOTE
r-devel-linux-x86_64-debian-gcc 1.0-8 4.72 58.53 63.25 NOTE
r-devel-linux-x86_64-fedora-clang 1.0-8 99.01 NOTE
r-devel-linux-x86_64-fedora-gcc 1.0-8 96.13 NOTE
r-devel-windows-ix86+x86_64 1.0-8 19.00 130.00 149.00 OK
r-patched-linux-x86_64 1.0-8 4.95 73.08 78.03 NOTE
r-patched-solaris-x86 1.0-8 144.10 OK
r-release-linux-x86_64 1.0-8 6.39 73.16 79.55 NOTE
r-release-windows-ix86+x86_64 1.0-8 19.00 130.00 149.00 OK
r-release-osx-x86_64 1.0-8 OK
r-oldrel-windows-ix86+x86_64 1.0-8 14.00 107.00 121.00 OK
r-oldrel-osx-x86_64 1.0-8 OK

Check Details

Version: 1.0-8
Check: compiled code
Result: NOTE
    File ‘ptest/libs/ptest.so’:
     Found no calls to: ‘R_registerRoutines’, ‘R_useDynamicSymbols’
    
    It is good practice to register native routines and to disable symbol
    search.
    
    See ‘Writing portable packages’ in the ‘Writing R Extensions’ manual.
Flavors: r-devel-linux-x86_64-debian-clang, r-devel-linux-x86_64-debian-gcc, r-devel-linux-x86_64-fedora-clang, r-devel-linux-x86_64-fedora-gcc, r-patched-linux-x86_64, r-release-linux-x86_64