CRAN Package Check Results for Package ptest

Last updated on 2018-10-24 05:49:57 CEST.

Flavor Version Tinstall Tcheck Ttotal Status Flags
r-devel-linux-x86_64-debian-clang 1.0-8 5.94 88.80 94.74 OK
r-devel-linux-x86_64-debian-gcc 1.0-8 6.35 69.35 75.70 OK
r-devel-linux-x86_64-fedora-clang 1.0-8 110.83 NOTE
r-devel-linux-x86_64-fedora-gcc 1.0-8 106.12 NOTE
r-devel-windows-ix86+x86_64 1.0-8 19.00 157.00 176.00 OK
r-patched-linux-x86_64 1.0-8 5.58 73.59 79.17 OK
r-patched-solaris-x86 1.0-8 139.70 OK
r-release-linux-x86_64 1.0-8 5.07 74.48 79.55 OK
r-release-windows-ix86+x86_64 1.0-8 21.00 102.00 123.00 OK
r-release-osx-x86_64 1.0-8 OK
r-oldrel-windows-ix86+x86_64 1.0-8 14.00 148.00 162.00 OK
r-oldrel-osx-x86_64 1.0-8 OK

Check Details

Version: 1.0-8
Check: compiled code
Result: NOTE
    File ‘ptest/libs/ptest.so’:
     Found no calls to: ‘R_registerRoutines’, ‘R_useDynamicSymbols’
    
    It is good practice to register native routines and to disable symbol
    search.
    
    See ‘Writing portable packages’ in the ‘Writing R Extensions’ manual.
Flavors: r-devel-linux-x86_64-fedora-clang, r-devel-linux-x86_64-fedora-gcc