CRAN Package Check Results for Package ptinpoly

Last updated on 2019-07-17 19:46:57 CEST.

Flavor Version Tinstall Tcheck Ttotal Status Flags
r-devel-linux-x86_64-debian-clang 2.4 5.66 19.99 25.65 WARN
r-devel-linux-x86_64-debian-gcc 2.4 4.88 16.33 21.21 OK
r-devel-linux-x86_64-fedora-clang 2.4 37.78 WARN
r-devel-linux-x86_64-fedora-gcc 2.4 32.70 NOTE
r-devel-windows-ix86+x86_64 2.4 24.00 61.00 85.00 OK
r-patched-linux-x86_64 2.4 5.74 20.44 26.18 OK
r-patched-solaris-x86 2.4 54.90 OK
r-release-linux-x86_64 2.4 5.81 20.27 26.08 OK
r-release-windows-ix86+x86_64 2.4 16.00 47.00 63.00 OK
r-release-osx-x86_64 2.4 WARN
r-oldrel-windows-ix86+x86_64 2.4 14.00 161.00 175.00 OK
r-oldrel-osx-x86_64 2.4 WARN

Check Details

Version: 2.4
Check: whether package can be installed
Result: WARN
    Found the following significant warnings:
     pinpolyhedronA.cc:594:7: warning: explicitly assigning value of variable of type 'double' to itself [-Wself-assign]
     pinpolyhedronA.cc:1766:5: warning: explicitly assigning value of variable of type 'int' to itself [-Wself-assign]
Flavors: r-devel-linux-x86_64-debian-clang, r-devel-linux-x86_64-fedora-clang, r-release-osx-x86_64, r-oldrel-osx-x86_64

Version: 2.4
Check: compiled code
Result: NOTE
    File ‘ptinpoly/libs/ptinpoly.so’:
     Found no calls to: ‘R_registerRoutines’, ‘R_useDynamicSymbols’
    
    It is good practice to register native routines and to disable symbol
    search.
    
    See ‘Writing portable packages’ in the ‘Writing R Extensions’ manual.
Flavors: r-devel-linux-x86_64-fedora-clang, r-devel-linux-x86_64-fedora-gcc