CRAN Package Check Results for Package ptstem

Last updated on 2018-05-21 15:46:55 CEST.

Flavor Version Tinstall Tcheck Ttotal Status Flags
r-devel-linux-x86_64-debian-clang 0.0.3 1.48 55.26 56.74 OK
r-devel-linux-x86_64-debian-gcc 0.0.3 1.23 47.47 48.70 OK
r-devel-linux-x86_64-fedora-clang 0.0.3 73.15 NOTE
r-devel-linux-x86_64-fedora-gcc 0.0.3 72.06 NOTE
r-devel-windows-ix86+x86_64 0.0.3 5.00 97.00 102.00 NOTE
r-patched-linux-x86_64 0.0.3 1.39 59.56 60.95 OK
r-patched-solaris-x86 0.0.3 104.30 NOTE
r-release-linux-x86_64 0.0.3 1.69 59.01 60.70 OK
r-release-windows-ix86+x86_64 0.0.3 6.00 119.00 125.00 NOTE
r-release-osx-x86_64 0.0.3 NOTE
r-oldrel-windows-ix86+x86_64 0.0.3 4.00 105.00 109.00 NOTE
r-oldrel-osx-x86_64 0.0.3 NOTE

Check Details

Version: 0.0.3
Check: installed package size
Result: NOTE
     installed size is 5.3Mb
     sub-directories of 1Mb or more:
     dict 5.1Mb
Flavors: r-devel-linux-x86_64-fedora-clang, r-devel-linux-x86_64-fedora-gcc, r-devel-windows-ix86+x86_64, r-patched-solaris-x86, r-release-windows-ix86+x86_64, r-release-osx-x86_64, r-oldrel-windows-ix86+x86_64, r-oldrel-osx-x86_64