CRAN Package Check Results for Package ptstem

Last updated on 2019-02-16 18:46:32 CET.

Flavor Version Tinstall Tcheck Ttotal Status Flags
r-devel-linux-x86_64-debian-clang 0.0.4 1.73 62.57 64.30 OK
r-devel-linux-x86_64-debian-gcc 0.0.4 1.60 46.59 48.19 OK
r-devel-linux-x86_64-fedora-clang 0.0.4 73.16 NOTE
r-devel-linux-x86_64-fedora-gcc 0.0.4 70.75 OK
r-devel-windows-ix86+x86_64 0.0.4 7.00 99.00 106.00 NOTE
r-patched-linux-x86_64 0.0.4 1.36 59.13 60.49 OK
r-patched-solaris-x86 0.0.4 102.10 NOTE
r-release-linux-x86_64 0.0.4 OK
r-release-windows-ix86+x86_64 0.0.4 4.00 97.00 101.00 NOTE
r-release-osx-x86_64 0.0.4 NOTE
r-oldrel-windows-ix86+x86_64 0.0.4 7.00 161.00 168.00 NOTE
r-oldrel-osx-x86_64 0.0.4 NOTE

Check Details

Version: 0.0.4
Check: installed package size
Result: NOTE
     installed size is 5.3Mb
     sub-directories of 1Mb or more:
     dict 5.1Mb
Flavors: r-devel-linux-x86_64-fedora-clang, r-devel-windows-ix86+x86_64, r-patched-solaris-x86, r-release-windows-ix86+x86_64, r-release-osx-x86_64, r-oldrel-windows-ix86+x86_64, r-oldrel-osx-x86_64