CRAN Package Check Results for Package ptstem

Last updated on 2018-02-26 03:49:10 CET.

Flavor Version Tinstall Tcheck Ttotal Status Flags
r-devel-linux-x86_64-debian-clang 0.0.3 1.05 51.12 52.17 OK
r-devel-linux-x86_64-debian-gcc 0.0.3 1.17 48.71 49.88 OK
r-devel-linux-x86_64-fedora-clang 0.0.3 70.91 NOTE
r-devel-linux-x86_64-fedora-gcc 0.0.3 69.53 NOTE
r-devel-windows-ix86+x86_64 0.0.3 6.00 101.00 107.00 NOTE
r-patched-linux-x86_64 0.0.3 0.99 64.26 65.25 OK
r-patched-solaris-x86 0.0.3 99.20 NOTE
r-release-linux-x86_64 0.0.3 1.36 65.03 66.39 OK
r-release-windows-ix86+x86_64 0.0.3 7.00 102.00 109.00 NOTE
r-release-osx-x86_64 0.0.3 NOTE
r-oldrel-windows-ix86+x86_64 0.0.3 4.00 66.00 70.00 NOTE
r-oldrel-osx-x86_64 0.0.3 NOTE

Check Details

Version: 0.0.3
Check: installed package size
Result: NOTE
     installed size is 5.3Mb
     sub-directories of 1Mb or more:
     dict 5.1Mb
Flavors: r-devel-linux-x86_64-fedora-clang, r-devel-linux-x86_64-fedora-gcc, r-devel-windows-ix86+x86_64, r-patched-solaris-x86, r-release-windows-ix86+x86_64, r-release-osx-x86_64, r-oldrel-windows-ix86+x86_64, r-oldrel-osx-x86_64