CRAN Package Check Results for Package ptstem

Last updated on 2018-08-21 20:46:41 CEST.

Flavor Version Tinstall Tcheck Ttotal Status Flags
r-devel-linux-x86_64-debian-clang 0.0.3 1.67 61.13 62.80 OK
r-devel-linux-x86_64-debian-gcc 0.0.3 1.35 48.28 49.63 OK
r-devel-linux-x86_64-fedora-clang 0.0.3 71.82 NOTE
r-devel-linux-x86_64-fedora-gcc 0.0.3 69.24 OK
r-devel-windows-ix86+x86_64 0.0.3 5.00 97.00 102.00 NOTE
r-patched-linux-x86_64 0.0.3 1.68 58.75 60.43 OK
r-patched-solaris-x86 0.0.3 101.10 NOTE
r-release-linux-x86_64 0.0.3 1.58 58.90 60.48 OK
r-release-windows-ix86+x86_64 0.0.3 5.00 98.00 103.00 NOTE
r-release-osx-x86_64 0.0.3 NOTE
r-oldrel-windows-ix86+x86_64 0.0.3 4.00 100.00 104.00 NOTE
r-oldrel-osx-x86_64 0.0.3 NOTE

Check Details

Version: 0.0.3
Check: installed package size
Result: NOTE
     installed size is 5.3Mb
     sub-directories of 1Mb or more:
     dict 5.1Mb
Flavors: r-devel-linux-x86_64-fedora-clang, r-devel-windows-ix86+x86_64, r-patched-solaris-x86, r-release-windows-ix86+x86_64, r-release-osx-x86_64, r-oldrel-windows-ix86+x86_64, r-oldrel-osx-x86_64