CRAN Package Check Results for Package ptstem

Last updated on 2018-11-20 19:47:55 CET.

Flavor Version Tinstall Tcheck Ttotal Status Flags
r-devel-linux-x86_64-debian-clang 0.0.3 1.33 58.69 60.02 OK
r-devel-linux-x86_64-debian-gcc 0.0.3 1.20 47.90 49.10 OK
r-devel-linux-x86_64-fedora-clang 0.0.3 69.76 NOTE
r-devel-linux-x86_64-fedora-gcc 0.0.3 68.73 OK
r-devel-windows-ix86+x86_64 0.0.3 7.00 104.00 111.00 NOTE
r-patched-linux-x86_64 0.0.3 1.57 58.96 60.53 OK
r-patched-solaris-x86 0.0.3 104.20 NOTE
r-release-linux-x86_64 0.0.3 1.32 60.43 61.75 OK
r-release-windows-ix86+x86_64 0.0.3 4.00 107.00 111.00 NOTE
r-release-osx-x86_64 0.0.3 NOTE
r-oldrel-windows-ix86+x86_64 0.0.3 5.00 105.00 110.00 NOTE
r-oldrel-osx-x86_64 0.0.3 NOTE

Check Details

Version: 0.0.3
Check: installed package size
Result: NOTE
     installed size is 5.3Mb
     sub-directories of 1Mb or more:
     dict 5.1Mb
Flavors: r-devel-linux-x86_64-fedora-clang, r-devel-windows-ix86+x86_64, r-patched-solaris-x86, r-release-windows-ix86+x86_64, r-release-osx-x86_64, r-oldrel-windows-ix86+x86_64, r-oldrel-osx-x86_64