CRAN Package Check Results for Package ptsuite

Last updated on 2023-06-08 15:58:49 CEST.

Flavor Version Tinstall Tcheck Ttotal Status Flags
r-devel-linux-x86_64-debian-clang 1.0.0 22.92 41.61 64.53 NOTE
r-devel-linux-x86_64-debian-gcc 1.0.0 15.72 32.98 48.70 NOTE
r-devel-linux-x86_64-fedora-clang 1.0.0 89.86 NOTE
r-devel-linux-x86_64-fedora-gcc 1.0.0 113.58 NOTE
r-devel-windows-x86_64 1.0.0 22.00 91.00 113.00 NOTE
r-patched-linux-x86_64 1.0.0 16.76 40.85 57.61 NOTE
r-release-linux-x86_64 1.0.0 19.41 40.55 59.96 NOTE
r-release-macos-arm64 1.0.0 53.00 NOTE
r-release-macos-x86_64 1.0.0 71.00 NOTE
r-release-windows-x86_64 1.0.0 19.00 96.00 115.00 NOTE
r-oldrel-macos-arm64 1.0.0 43.00 NOTE
r-oldrel-macos-x86_64 1.0.0 45.00 NOTE
r-oldrel-windows-x86_64 1.0.0 23.00 94.00 117.00 NOTE

Check Details

Version: 1.0.0
Check: LazyData
Result: NOTE
     'LazyData' is specified without a 'data' directory
Flavors: r-devel-linux-x86_64-debian-clang, r-devel-linux-x86_64-debian-gcc, r-devel-linux-x86_64-fedora-clang, r-devel-linux-x86_64-fedora-gcc, r-devel-windows-x86_64, r-patched-linux-x86_64, r-release-linux-x86_64, r-release-macos-arm64, r-release-macos-x86_64, r-release-windows-x86_64, r-oldrel-macos-arm64, r-oldrel-macos-x86_64, r-oldrel-windows-x86_64