Last updated on 2021-04-17 10:50:12 CEST.
Flavor | Version | Tinstall | Tcheck | Ttotal | Status | Flags |
---|---|---|---|---|---|---|
r-devel-linux-x86_64-debian-clang | 1.1.20 | 9.65 | 208.05 | 217.70 | OK | |
r-devel-linux-x86_64-debian-gcc | 1.1.20 | 7.71 | 148.68 | 156.39 | OK | |
r-devel-linux-x86_64-fedora-clang | 1.1.20 | 265.74 | NOTE | |||
r-devel-linux-x86_64-fedora-gcc | 1.1.20 | 257.86 | NOTE | |||
r-devel-windows-ix86+x86_64 | 1.1.20 | 34.00 | 212.00 | 246.00 | OK | |
r-devel-windows-x86_64-gcc10-UCRT | 1.1.20 | NOTE | ||||
r-patched-linux-x86_64 | 1.1.20 | 10.23 | 193.23 | 203.46 | OK | |
r-patched-solaris-x86 | 1.1.20 | 359.10 | NOTE | |||
r-release-linux-x86_64 | 1.1.20 | 8.45 | 191.27 | 199.72 | OK | |
r-release-macos-x86_64 | 1.1.20 | NOTE | ||||
r-release-windows-ix86+x86_64 | 1.1.20 | 34.00 | 265.00 | 299.00 | OK | |
r-oldrel-macos-x86_64 | 1.1.20 | ERROR |
Version: 1.1.20
Check: dependencies in R code
Result: NOTE
Namespace in Imports field not imported from: ‘Hmisc’
All declared Imports should be used.
Flavors: r-devel-linux-x86_64-fedora-clang, r-devel-linux-x86_64-fedora-gcc, r-devel-windows-x86_64-gcc10-UCRT, r-patched-solaris-x86, r-release-macos-x86_64
Version: 1.1.20
Check: whether package can be installed
Result: ERROR
Installation failed.
Flavor: r-oldrel-macos-x86_64