CRAN Package Check Results for Package pulsar

Last updated on 2021-05-10 20:48:50 CEST.

Flavor Version Tinstall Tcheck Ttotal Status Flags
r-devel-linux-x86_64-debian-clang 0.3.7 9.65 543.60 553.25 OK
r-devel-linux-x86_64-debian-gcc 0.3.7 6.33 444.02 450.35 OK
r-devel-linux-x86_64-fedora-clang 0.3.7 612.22 OK
r-devel-linux-x86_64-fedora-gcc 0.3.7 579.35 OK
r-devel-windows-ix86+x86_64 0.3.7 14.00 635.00 649.00 OK
r-devel-windows-x86_64-gcc10-UCRT 0.3.7 OK
r-patched-linux-x86_64 0.3.7 8.98 499.46 508.44 OK
r-patched-solaris-x86 0.3.7 487.40 ERROR
r-release-linux-x86_64 0.3.7 7.87 493.84 501.71 OK
r-release-macos-x86_64 0.3.7 OK
r-release-windows-ix86+x86_64 0.3.7 13.00 500.00 513.00 OK
r-oldrel-macos-x86_64 0.3.7 OK
r-oldrel-windows-ix86+x86_64 0.3.7 15.00 579.00 594.00 OK

Check Details

Version: 0.3.7
Check: tests
Result: ERROR
     Running ‘testthat.R’ [0m/180m]
    Running the tests in ‘tests/testthat.R’ failed.
    Complete output:
     > suppressPackageStartupMessages(library(testthat))
     > suppressPackageStartupMessages(library(pulsar))
     >
     > testthat::test_check("pulsar")
    
     *** caught segfault ***
     address fe4861c9, cause 'memory not mapped'
Flavor: r-patched-solaris-x86