CRAN Package Check Results for Package pulseTD

Last updated on 2019-11-20 02:48:47 CET.

Flavor Version Tinstall Tcheck Ttotal Status Flags
r-devel-linux-x86_64-debian-clang 0.1.0 35.45 366.90 402.35 OK
r-devel-linux-x86_64-debian-gcc 0.1.0 36.70 303.56 340.26 OK
r-devel-linux-x86_64-fedora-clang 0.1.0 466.56 OK
r-devel-linux-x86_64-fedora-gcc 0.1.0 480.59 OK
r-devel-windows-ix86+x86_64 0.1.0 98.00 344.00 442.00 OK
r-devel-windows-ix86+x86_64-gcc8 0.1.0 69.00 342.00 411.00 OK
r-patched-linux-x86_64 0.1.0 34.29 339.02 373.31 OK
r-patched-solaris-x86 0.1.0 661.50 OK
r-release-linux-x86_64 0.1.0 35.51 329.34 364.85 OK
r-release-windows-ix86+x86_64 0.1.0 94.00 437.00 531.00 OK
r-release-osx-x86_64 0.1.0 ERROR
r-oldrel-windows-ix86+x86_64 0.1.0 42.00 439.00 481.00 OK
r-oldrel-osx-x86_64 0.1.0 ERROR

Check Details

Version: 0.1.0
Check: package dependencies
Result: NOTE
    Package suggested but not available for checking: ‘TxDb.Hsapiens.UCSC.hg19.knownGene’
Flavor: r-release-osx-x86_64

Version: 0.1.0
Check: whether package can be installed
Result: ERROR
    Installation failed.
Flavor: r-release-osx-x86_64

Version: 0.1.0
Check: package dependencies
Result: ERROR
    Packages required but not available:
     ‘Rsamtools’ ‘GenomicFeatures’ ‘GenomicAlignments’
    
    Package suggested but not available for checking: ‘TxDb.Hsapiens.UCSC.hg19.knownGene’
    
    See section ‘The DESCRIPTION file’ in the ‘Writing R Extensions’
    manual.
Flavor: r-oldrel-osx-x86_64