CRAN Package Check Results for Package purge

Last updated on 2022-08-08 01:54:42 CEST.

Flavor Version Tinstall Tcheck Ttotal Status Flags
r-devel-linux-x86_64-debian-clang 0.2.1 2.03 33.60 35.63 NOTE
r-devel-linux-x86_64-debian-gcc 0.2.1 1.62 26.35 27.97 NOTE
r-devel-linux-x86_64-fedora-clang 0.2.1 56.14 NOTE
r-devel-linux-x86_64-fedora-gcc 0.2.1 54.24 NOTE
r-devel-windows-x86_64 0.2.1 9.00 58.00 67.00 NOTE
r-patched-linux-x86_64 0.2.1 2.10 34.03 36.13 NOTE
r-release-linux-x86_64 0.2.1 1.91 33.78 35.69 NOTE
r-release-macos-arm64 0.2.1 20.00 NOTE
r-release-macos-x86_64 0.2.1 24.00 NOTE
r-release-windows-x86_64 0.2.1 10.00 59.00 69.00 NOTE
r-oldrel-macos-arm64 0.2.1 20.00 NOTE
r-oldrel-macos-x86_64 0.2.1 33.00 NOTE
r-oldrel-windows-ix86+x86_64 0.2.1 5.00 48.00 53.00 NOTE

Check Details

Version: 0.2.1
Check: LazyData
Result: NOTE
     'LazyData' is specified without a 'data' directory
Flavors: r-devel-linux-x86_64-debian-clang, r-devel-linux-x86_64-debian-gcc, r-devel-linux-x86_64-fedora-clang, r-devel-linux-x86_64-fedora-gcc, r-devel-windows-x86_64, r-patched-linux-x86_64, r-release-linux-x86_64, r-release-macos-arm64, r-release-macos-x86_64, r-release-windows-x86_64, r-oldrel-macos-arm64, r-oldrel-macos-x86_64, r-oldrel-windows-ix86+x86_64