CRAN Package Check Results for Package purge

Last updated on 2021-04-10 14:48:05 CEST.

Flavor Version Tinstall Tcheck Ttotal Status Flags
r-devel-linux-x86_64-debian-clang 0.2.1 1.88 33.86 35.74 NOTE
r-devel-linux-x86_64-debian-gcc 0.2.1 1.41 25.09 26.50 NOTE
r-devel-linux-x86_64-fedora-clang 0.2.1 49.55 NOTE
r-devel-linux-x86_64-fedora-gcc 0.2.1 39.29 NOTE
r-devel-windows-ix86+x86_64 0.2.1 3.00 36.00 39.00 NOTE
r-devel-windows-x86_64-gcc10-UCRT 0.2.1 NOTE
r-patched-linux-x86_64 0.2.1 1.75 31.75 33.50 OK
r-patched-solaris-x86 0.2.1 67.60 OK
r-release-linux-x86_64 0.2.1 1.75 32.63 34.38 OK
r-release-macos-x86_64 0.2.1 OK
r-release-windows-ix86+x86_64 0.2.1 4.00 49.00 53.00 OK
r-oldrel-macos-x86_64 0.2.1 OK
r-oldrel-windows-ix86+x86_64 0.2.1 3.00 43.00 46.00 OK

Check Details

Version: 0.2.1
Check: LazyData
Result: NOTE
     'LazyData' is specified without a 'data' directory
Flavors: r-devel-linux-x86_64-debian-clang, r-devel-linux-x86_64-debian-gcc, r-devel-linux-x86_64-fedora-clang, r-devel-linux-x86_64-fedora-gcc, r-devel-windows-ix86+x86_64, r-devel-windows-x86_64-gcc10-UCRT