CRAN Package Check Results for Package purge

Last updated on 2024-03-05 00:51:54 CET.

Flavor Version Tinstall Tcheck Ttotal Status Flags
r-devel-linux-x86_64-debian-clang 0.2.1 1.95 32.06 34.01 NOTE
r-devel-linux-x86_64-debian-gcc 0.2.1 1.47 24.61 26.08 NOTE
r-devel-linux-x86_64-fedora-clang 0.2.1 42.22 NOTE
r-devel-linux-x86_64-fedora-gcc 0.2.1 41.08 NOTE
r-devel-windows-x86_64 0.2.1 2.00 45.00 47.00 NOTE
r-patched-linux-x86_64 0.2.1 2.15 31.00 33.15 NOTE
r-release-linux-x86_64 0.2.1 2.26 32.43 34.69 NOTE
r-release-macos-arm64 0.2.1 20.00 NOTE
r-release-macos-x86_64 0.2.1 27.00 NOTE
r-release-windows-x86_64 0.2.1 2.00 46.00 48.00 NOTE
r-oldrel-macos-arm64 0.2.1 27.00 NOTE
r-oldrel-windows-x86_64 0.2.1 4.00 53.00 57.00 NOTE

Check Details

Version: 0.2.1
Check: LazyData
Result: NOTE 'LazyData' is specified without a 'data' directory Flavors: r-devel-linux-x86_64-debian-clang, r-devel-linux-x86_64-debian-gcc, r-devel-linux-x86_64-fedora-clang, r-devel-linux-x86_64-fedora-gcc, r-devel-windows-x86_64, r-patched-linux-x86_64, r-release-linux-x86_64, r-release-macos-arm64, r-release-macos-x86_64, r-release-windows-x86_64, r-oldrel-macos-arm64, r-oldrel-windows-x86_64