Last updated on 2023-04-01 02:50:32 CEST.
Flavor | Version | Tinstall | Tcheck | Ttotal | Status | Flags |
---|---|---|---|---|---|---|
r-devel-linux-x86_64-debian-clang | 0.1.0 | 3.75 | 36.20 | 39.95 | NOTE | |
r-devel-linux-x86_64-debian-gcc | 0.1.0 | 2.88 | 28.43 | 31.31 | NOTE | |
r-devel-linux-x86_64-fedora-clang | 0.1.0 | 51.44 | NOTE | |||
r-devel-linux-x86_64-fedora-gcc | 0.1.0 | 48.45 | NOTE | |||
r-devel-windows-x86_64 | 0.1.0 | 16.00 | 0.00 | 16.00 | NOTE | |
r-patched-linux-x86_64 | 0.1.0 | 3.39 | 36.44 | 39.83 | NOTE | |
r-release-linux-x86_64 | 0.1.0 | 4.03 | 37.73 | 41.76 | NOTE | |
r-release-macos-arm64 | 0.1.0 | 19.00 | NOTE | |||
r-release-macos-x86_64 | 0.1.0 | 36.00 | NOTE | |||
r-release-windows-x86_64 | 0.1.0 | 7.00 | 80.00 | 87.00 | NOTE | |
r-oldrel-macos-arm64 | 0.1.0 | 24.00 | NOTE | |||
r-oldrel-macos-x86_64 | 0.1.0 | 32.00 | NOTE | |||
r-oldrel-windows-ix86+x86_64 | 0.1.0 | 11.00 | 65.00 | 76.00 | NOTE |
Version: 0.1.0
Check: LazyData
Result: NOTE
'LazyData' is specified without a 'data' directory
Flavors: r-devel-linux-x86_64-debian-clang, r-devel-linux-x86_64-debian-gcc, r-devel-linux-x86_64-fedora-clang, r-devel-linux-x86_64-fedora-gcc, r-devel-windows-x86_64, r-patched-linux-x86_64, r-release-linux-x86_64, r-release-macos-arm64, r-release-macos-x86_64, r-release-windows-x86_64, r-oldrel-macos-arm64, r-oldrel-macos-x86_64, r-oldrel-windows-ix86+x86_64