CRAN Package Check Results for Package pvaluefunctions

Last updated on 2021-05-10 18:50:47 CEST.

Flavor Version Tinstall Tcheck Ttotal Status Flags
r-devel-linux-x86_64-debian-clang 1.6.1 6.04 80.15 86.19 NOTE
r-devel-linux-x86_64-debian-gcc 1.6.1 5.09 58.34 63.43 NOTE
r-devel-linux-x86_64-fedora-clang 1.6.1 113.39 NOTE
r-devel-linux-x86_64-fedora-gcc 1.6.1 100.10 NOTE
r-devel-windows-ix86+x86_64 1.6.1 26.00 102.00 128.00 NOTE
r-devel-windows-x86_64-gcc10-UCRT 1.6.1 NOTE
r-patched-linux-x86_64 1.6.1 5.48 76.19 81.67 NOTE
r-patched-solaris-x86 1.6.1 145.60 NOTE
r-release-linux-x86_64 1.6.1 6.21 73.40 79.61 OK
r-release-macos-x86_64 1.6.1 OK
r-release-windows-ix86+x86_64 1.6.1 12.00 77.00 89.00 OK
r-oldrel-macos-x86_64 1.6.1 OK
r-oldrel-windows-ix86+x86_64 1.6.1 14.00 95.00 109.00 OK

Check Details

Version: 1.6.1
Check: LazyData
Result: NOTE
     'LazyData' is specified without a 'data' directory
Flavors: r-devel-linux-x86_64-debian-clang, r-devel-linux-x86_64-debian-gcc, r-devel-linux-x86_64-fedora-clang, r-devel-linux-x86_64-fedora-gcc, r-devel-windows-ix86+x86_64, r-devel-windows-x86_64-gcc10-UCRT, r-patched-linux-x86_64, r-patched-solaris-x86