Last updated on 2022-05-27 06:51:31 CEST.
Flavor | Version | Tinstall | Tcheck | Ttotal | Status | Flags |
---|---|---|---|---|---|---|
r-devel-linux-x86_64-debian-clang | 2.2.5 | 21.65 | 46.24 | 67.89 | WARN | |
r-devel-linux-x86_64-debian-gcc | 2.2.5 | 15.38 | 36.43 | 51.81 | OK | |
r-devel-linux-x86_64-fedora-clang | 2.2.5 | 93.22 | WARN | |||
r-devel-linux-x86_64-fedora-gcc | 2.2.5 | 74.55 | OK | |||
r-devel-windows-x86_64 | 2.2.5 | 33.00 | 85.00 | 118.00 | OK | |
r-patched-linux-x86_64 | 2.2.5 | 20.32 | 45.40 | 65.72 | OK | |
r-release-linux-x86_64 | 2.2.5 | 19.13 | 45.79 | 64.92 | OK | |
r-release-macos-arm64 | 2.2.5 | 28.00 | OK | |||
r-release-macos-x86_64 | 2.2.5 | 37.00 | OK | |||
r-release-windows-x86_64 | 2.2.5 | 39.00 | 91.00 | 130.00 | OK | |
r-oldrel-macos-arm64 | 2.2.5 | 36.00 | OK | |||
r-oldrel-macos-x86_64 | 2.2.5 | 50.00 | OK | |||
r-oldrel-windows-ix86+x86_64 | 2.2.5 | 53.00 | 85.00 | 138.00 | OK |
Version: 2.2.5
Check: whether package can be installed
Result: WARN
Found the following significant warnings:
pvarC.cpp:344:11: warning: use of bitwise '&' with boolean operands [-Wbitwise-instead-of-logical]
pvarC.cpp:591:8: warning: use of bitwise '&' with boolean operands [-Wbitwise-instead-of-logical]
Flavors: r-devel-linux-x86_64-debian-clang, r-devel-linux-x86_64-fedora-clang