CRAN Package Check Results for Package pwlmm

Last updated on 2022-12-04 18:53:56 CET.

Flavor Version Tinstall Tcheck Ttotal Status Flags
r-devel-linux-x86_64-debian-clang 1.1.1 57.27 34.38 91.65 OK
r-devel-linux-x86_64-debian-gcc 1.1.1 45.30 29.11 74.41 OK
r-devel-linux-x86_64-fedora-clang 1.1.1 127.01 NOTE
r-devel-linux-x86_64-fedora-gcc 1.1.1 126.44 NOTE
r-devel-windows-x86_64 1.1.1 43.00 85.00 128.00 OK
r-patched-linux-x86_64 1.1.1 46.42 35.05 81.47 OK
r-release-linux-x86_64 1.1.1 45.72 36.10 81.82 OK
r-release-macos-arm64 1.1.1 37.00 NOTE
r-release-macos-x86_64 1.1.1 50.00 NOTE
r-release-windows-x86_64 1.1.1 44.00 89.00 133.00 OK
r-oldrel-macos-arm64 1.1.1 35.00 NOTE
r-oldrel-macos-x86_64 1.1.1 50.00 NOTE
r-oldrel-windows-ix86+x86_64 1.1.1 109.00 89.00 198.00 OK

Check Details

Version: 1.1.1
Check: dependencies in R code
Result: NOTE
    Namespaces in Imports field not imported from:
     ‘Rcpp’ ‘RcppEigen’
     All declared Imports should be used.
Flavors: r-devel-linux-x86_64-fedora-clang, r-devel-linux-x86_64-fedora-gcc, r-release-macos-arm64, r-release-macos-x86_64, r-oldrel-macos-arm64, r-oldrel-macos-x86_64

Version: 1.1.1
Check: installed package size
Result: NOTE
     installed size is 16.5Mb
     sub-directories of 1Mb or more:
     libs 16.3Mb
Flavors: r-release-macos-arm64, r-release-macos-x86_64, r-oldrel-macos-arm64, r-oldrel-macos-x86_64