CRAN Package Check Results for Package pwt

Last updated on 2019-09-19 13:46:19 CEST.

Flavor Version Tinstall Tcheck Ttotal Status Flags
r-devel-linux-x86_64-debian-clang 7.1-1 8.26 20.96 29.22 OK
r-devel-linux-x86_64-debian-gcc 7.1-1 7.41 17.68 25.09 OK
r-devel-linux-x86_64-fedora-clang 7.1-1 37.85 NOTE
r-devel-linux-x86_64-fedora-gcc 7.1-1 37.76 OK
r-devel-windows-ix86+x86_64 7.1-1 24.00 32.00 56.00 NOTE
r-patched-linux-x86_64 7.1-1 8.01 21.08 29.09 OK
r-patched-solaris-x86 7.1-1 61.70 NOTE
r-release-linux-x86_64 7.1-1 8.72 20.91 29.63 OK
r-release-windows-ix86+x86_64 7.1-1 13.00 47.00 60.00 NOTE
r-release-osx-x86_64 7.1-1 NOTE
r-oldrel-windows-ix86+x86_64 7.1-1 11.00 32.00 43.00 NOTE
r-oldrel-osx-x86_64 7.1-1 NOTE

Check Details

Version: 7.1-1
Check: installed package size
Result: NOTE
     installed size is 7.3Mb
     sub-directories of 1Mb or more:
     data 7.2Mb
Flavors: r-devel-linux-x86_64-fedora-clang, r-devel-windows-ix86+x86_64, r-patched-solaris-x86, r-release-windows-ix86+x86_64, r-release-osx-x86_64, r-oldrel-windows-ix86+x86_64, r-oldrel-osx-x86_64