CRAN Package Check Results for Package pxweb

Last updated on 2018-02-23 02:48:22 CET.

Flavor Version Tinstall Tcheck Ttotal Status Flags
r-devel-linux-x86_64-debian-clang 0.6.3 3.75 39.48 43.23 ERROR
r-devel-linux-x86_64-debian-gcc 0.6.3 3.34 33.35 36.69 ERROR
r-devel-linux-x86_64-fedora-clang 0.6.3 78.96 OK
r-devel-linux-x86_64-fedora-gcc 0.6.3 74.92 OK
r-devel-windows-ix86+x86_64 0.6.3 10.00 158.00 168.00 OK
r-patched-linux-x86_64 0.6.3 3.07 49.82 52.89 ERROR
r-patched-solaris-x86 0.6.3 116.20 OK
r-release-linux-x86_64 0.6.3 3.02 49.33 52.35 ERROR
r-release-windows-ix86+x86_64 0.6.3 10.00 195.00 205.00 OK
r-release-osx-x86_64 0.6.3 OK
r-oldrel-windows-ix86+x86_64 0.6.3 6.00 153.00 159.00 OK
r-oldrel-osx-x86_64 0.6.3 OK

Check Details

Version: 0.6.3
Check: tests
Result: ERROR
     Running ‘testthat.R’ [6s/16s]
    Running the tests in ‘tests/testthat.R’ failed.
    Complete output:
     > library(testthat)
     > library(pxweb)
     pxweb: R tools for PX-WEB API.
     Copyright (C) 2014 Mans Magnusson, Leo Lahti, Love Hansson
     https://github.com/ropengov/pxweb
    
     New PXWEB API(s):
     - prognos.konj.se
     - data.ssb.no
     - pxweb.asub.ax
     - makstat.stat.gov.mk
     - data.csb.gov.lv
    
     Use update_pxweb_apis() to update the api catalogue.
     > test_check("pxweb")
     ── 1. Failure: pxweb_api_class (@test-pxweb_api_class.R#20) ───────────────────
     NOT(success)
    
     ── 2. Failure: pxweb_api_class (@test-pxweb_api_class.R#22) ───────────────────
     "foo.bar" %in% unlist(lapply(api_catalogue(), function(X) X$api)) isn't true.
    
     ══ testthat results ═══════════════════════════════════════════════════════════
     OK: 98 SKIPPED: 16 FAILED: 2
     1. Failure: pxweb_api_class (@test-pxweb_api_class.R#20)
     2. Failure: pxweb_api_class (@test-pxweb_api_class.R#22)
    
     Error: testthat unit tests failed
     Execution halted
Flavor: r-devel-linux-x86_64-debian-clang

Version: 0.6.3
Check: tests
Result: ERROR
     Running ‘testthat.R’ [3s/17s]
    Running the tests in ‘tests/testthat.R’ failed.
    Complete output:
     > library(testthat)
     > library(pxweb)
     pxweb: R tools for PX-WEB API.
     Copyright (C) 2014 Mans Magnusson, Leo Lahti, Love Hansson
     https://github.com/ropengov/pxweb
    
     New PXWEB API(s):
     - prognos.konj.se
     - data.ssb.no
     - pxweb.asub.ax
     - makstat.stat.gov.mk
     - data.csb.gov.lv
    
     Use update_pxweb_apis() to update the api catalogue.
     > test_check("pxweb")
     ── 1. Failure: pxweb_api_class (@test-pxweb_api_class.R#20) ───────────────────
     NOT(success)
    
     ── 2. Failure: pxweb_api_class (@test-pxweb_api_class.R#22) ───────────────────
     "foo.bar" %in% unlist(lapply(api_catalogue(), function(X) X$api)) isn't true.
    
     ══ testthat results ═══════════════════════════════════════════════════════════
     OK: 98 SKIPPED: 16 FAILED: 2
     1. Failure: pxweb_api_class (@test-pxweb_api_class.R#20)
     2. Failure: pxweb_api_class (@test-pxweb_api_class.R#22)
    
     Error: testthat unit tests failed
     Execution halted
Flavor: r-devel-linux-x86_64-debian-gcc

Version: 0.6.3
Check: tests
Result: ERROR
     Running ‘testthat.R’ [7s/21s]
    Running the tests in ‘tests/testthat.R’ failed.
    Complete output:
     > library(testthat)
     > library(pxweb)
     pxweb: R tools for PX-WEB API.
     Copyright (C) 2014 Mans Magnusson, Leo Lahti, Love Hansson
     https://github.com/ropengov/pxweb
    
     New PXWEB API(s):
     - prognos.konj.se
     - data.ssb.no
     - pxweb.asub.ax
     - makstat.stat.gov.mk
     - data.csb.gov.lv
    
     Use update_pxweb_apis() to update the api catalogue.
     > test_check("pxweb")
     ── 1. Failure: pxweb_api_class (@test-pxweb_api_class.R#20) ───────────────────
     NOT(success)
    
     ── 2. Failure: pxweb_api_class (@test-pxweb_api_class.R#22) ───────────────────
     "foo.bar" %in% unlist(lapply(api_catalogue(), function(X) X$api)) isn't true.
    
     ══ testthat results ═══════════════════════════════════════════════════════════
     OK: 98 SKIPPED: 16 FAILED: 2
     1. Failure: pxweb_api_class (@test-pxweb_api_class.R#20)
     2. Failure: pxweb_api_class (@test-pxweb_api_class.R#22)
    
     Error: testthat unit tests failed
     Execution halted
Flavor: r-patched-linux-x86_64

Version: 0.6.3
Check: tests
Result: ERROR
     Running ‘testthat.R’ [7s/24s]
    Running the tests in ‘tests/testthat.R’ failed.
    Complete output:
     > library(testthat)
     > library(pxweb)
     pxweb: R tools for PX-WEB API.
     Copyright (C) 2014 Mans Magnusson, Leo Lahti, Love Hansson
     https://github.com/ropengov/pxweb
    
     New PXWEB API(s):
     - prognos.konj.se
     - data.ssb.no
     - pxweb.asub.ax
     - makstat.stat.gov.mk
     - data.csb.gov.lv
    
     Use update_pxweb_apis() to update the api catalogue.
     > test_check("pxweb")
     ── 1. Failure: pxweb_api_class (@test-pxweb_api_class.R#20) ───────────────────
     NOT(success)
    
     ── 2. Failure: pxweb_api_class (@test-pxweb_api_class.R#22) ───────────────────
     "foo.bar" %in% unlist(lapply(api_catalogue(), function(X) X$api)) isn't true.
    
     ══ testthat results ═══════════════════════════════════════════════════════════
     OK: 98 SKIPPED: 16 FAILED: 2
     1. Failure: pxweb_api_class (@test-pxweb_api_class.R#20)
     2. Failure: pxweb_api_class (@test-pxweb_api_class.R#22)
    
     Error: testthat unit tests failed
     Execution halted
Flavor: r-release-linux-x86_64