CRAN Package Check Results for Package qbld

Last updated on 2022-12-04 18:53:56 CET.

Flavor Version Tinstall Tcheck Ttotal Status Flags
r-devel-linux-x86_64-debian-clang 1.0.3 182.22 55.97 238.19 OK
r-devel-linux-x86_64-debian-gcc 1.0.3 146.77 42.79 189.56 OK
r-devel-linux-x86_64-fedora-clang 1.0.3 383.18 OK
r-devel-linux-x86_64-fedora-gcc 1.0.3 337.83 OK
r-devel-windows-x86_64 1.0.3 143.00 113.00 256.00 OK
r-patched-linux-x86_64 1.0.3 161.53 52.98 214.51 OK
r-release-linux-x86_64 1.0.3 144.46 52.25 196.71 OK
r-release-macos-arm64 1.0.3 79.00 NOTE
r-release-macos-x86_64 1.0.3 129.00 NOTE
r-release-windows-x86_64 1.0.3 152.00 120.00 272.00 OK
r-oldrel-macos-arm64 1.0.3 77.00 NOTE
r-oldrel-macos-x86_64 1.0.3 103.00 NOTE
r-oldrel-windows-ix86+x86_64 1.0.3 462.00 110.00 572.00 OK

Check Details

Version: 1.0.3
Check: installed package size
Result: NOTE
     installed size is 6.4Mb
     sub-directories of 1Mb or more:
     libs 5.9Mb
Flavors: r-release-macos-arm64, r-release-macos-x86_64, r-oldrel-macos-arm64, r-oldrel-macos-x86_64