CRAN Package Check Results for Package qcapower

Last updated on 2021-05-06 22:55:31 CEST.

Flavor Version Tinstall Tcheck Ttotal Status Flags
r-devel-linux-x86_64-debian-clang 0.1.0 4.82 59.33 64.15 OK
r-devel-linux-x86_64-debian-gcc 0.1.0 4.01 43.99 48.00 OK
r-devel-linux-x86_64-fedora-clang 0.1.0 86.34 NOTE
r-devel-linux-x86_64-fedora-gcc 0.1.0 74.82 NOTE
r-devel-windows-ix86+x86_64 0.1.0 16.00 79.00 95.00 OK
r-devel-windows-x86_64-gcc10-UCRT 0.1.0 NOTE
r-patched-linux-x86_64 0.1.0 5.23 57.27 62.50 OK
r-patched-solaris-x86 0.1.0 109.10 NOTE
r-release-linux-x86_64 0.1.0 5.41 55.13 60.54 OK
r-release-macos-x86_64 0.1.0 NOTE
r-release-windows-ix86+x86_64 0.1.0 11.00 61.00 72.00 OK
r-oldrel-macos-x86_64 0.1.0 NOTE
r-oldrel-windows-ix86+x86_64 0.1.0 11.00 74.00 85.00 OK

Check Details

Version: 0.1.0
Check: dependencies in R code
Result: NOTE
    Namespace in Imports field not imported from: ‘devtools’
     All declared Imports should be used.
Flavors: r-devel-linux-x86_64-fedora-clang, r-devel-linux-x86_64-fedora-gcc, r-devel-windows-x86_64-gcc10-UCRT, r-patched-solaris-x86, r-release-macos-x86_64, r-oldrel-macos-x86_64