CRAN Package Check Results for Package qccrs

Last updated on 2022-11-30 20:55:21 CET.

Flavor Version Tinstall Tcheck Ttotal Status Flags
r-devel-linux-x86_64-debian-clang 0.1.0 4.76 48.96 53.72 NOTE
r-devel-linux-x86_64-debian-gcc 0.1.0 3.81 36.62 40.43 NOTE
r-devel-linux-x86_64-fedora-clang 0.1.0 76.39 NOTE
r-devel-linux-x86_64-fedora-gcc 0.1.0 72.77 NOTE
r-devel-windows-x86_64 0.1.0 10.00 74.00 84.00 NOTE
r-patched-linux-x86_64 0.1.0 4.90 46.09 50.99 NOTE
r-release-linux-x86_64 0.1.0 4.60 46.34 50.94 NOTE
r-release-macos-arm64 0.1.0 22.00 NOTE
r-release-macos-x86_64 0.1.0 40.00 NOTE
r-release-windows-x86_64 0.1.0 11.00 77.00 88.00 NOTE
r-oldrel-macos-arm64 0.1.0 29.00 NOTE
r-oldrel-macos-x86_64 0.1.0 32.00 NOTE
r-oldrel-windows-ix86+x86_64 0.1.0 13.00 69.00 82.00 NOTE

Check Details

Version: 0.1.0
Check: LazyData
Result: NOTE
     'LazyData' is specified without a 'data' directory
Flavors: r-devel-linux-x86_64-debian-clang, r-devel-linux-x86_64-debian-gcc, r-devel-linux-x86_64-fedora-clang, r-devel-linux-x86_64-fedora-gcc, r-devel-windows-x86_64, r-patched-linux-x86_64, r-release-linux-x86_64, r-release-macos-arm64, r-release-macos-x86_64, r-release-windows-x86_64, r-oldrel-macos-arm64, r-oldrel-macos-x86_64, r-oldrel-windows-ix86+x86_64