CRAN Package Check Results for Package qdap

Last updated on 2018-05-23 15:47:57 CEST.

Flavor Version Tinstall Tcheck Ttotal Status Flags
r-devel-linux-x86_64-debian-clang 2.3.0 35.89 236.45 272.34 OK
r-devel-linux-x86_64-debian-gcc 2.3.0 0.72 1.54 2.26 ERROR
r-devel-linux-x86_64-fedora-clang 2.3.0 182.95 OK
r-devel-linux-x86_64-fedora-gcc 2.3.0 161.54 OK
r-devel-windows-ix86+x86_64 2.3.0 58.00 358.00 416.00 OK
r-patched-linux-x86_64 2.3.0 32.73 224.50 257.23 OK
r-patched-solaris-x86 2.3.0 333.90 NOTE
r-release-linux-x86_64 2.3.0 32.56 223.25 255.81 OK
r-release-windows-ix86+x86_64 2.3.0 72.00 301.00 373.00 OK
r-release-osx-x86_64 2.3.0 OK
r-oldrel-windows-ix86+x86_64 2.3.0 46.00 313.00 359.00 OK
r-oldrel-osx-x86_64 2.2.9 OK

Check Details

Version: 2.3.0
Check: package dependencies
Result: ERROR
    Packages required but not available: ‘dplyr’ ‘gender’ ‘ggplot2’ ‘tidyr’
    
    See section ‘The DESCRIPTION file’ in the ‘Writing R Extensions’
    manual.
Flavor: r-devel-linux-x86_64-debian-gcc

Version: 2.3.0
Check: installed package size
Result: NOTE
     installed size is 5.2Mb
     sub-directories of 1Mb or more:
     R 1.4Mb
Flavor: r-patched-solaris-x86