CRAN Package Check Results for Package qdap

Last updated on 2018-08-22 08:49:02 CEST.

Flavor Version Tinstall Tcheck Ttotal Status Flags
r-devel-linux-x86_64-debian-clang 2.3.0 33.88 280.37 314.25 OK
r-devel-linux-x86_64-debian-gcc 2.3.0 27.96 220.72 248.68 OK
r-devel-linux-x86_64-fedora-clang 2.3.0 355.56 OK
r-devel-linux-x86_64-fedora-gcc 2.3.0 350.50 OK
r-devel-windows-ix86+x86_64 2.3.0 55.00 236.00 291.00 OK
r-patched-linux-x86_64 2.3.0 34.13 266.46 300.59 OK
r-patched-solaris-x86 2.3.0 416.90 NOTE
r-release-linux-x86_64 2.3.0 35.62 267.88 303.50 OK
r-release-windows-ix86+x86_64 2.3.0 74.00 310.00 384.00 OK
r-release-osx-x86_64 2.3.0 OK
r-oldrel-windows-ix86+x86_64 2.3.0 30.00 334.00 364.00 OK
r-oldrel-osx-x86_64 2.3.0 OK

Check Details

Version: 2.3.0
Check: installed package size
Result: NOTE
     installed size is 5.2Mb
     sub-directories of 1Mb or more:
     R 1.4Mb
Flavor: r-patched-solaris-x86