Last updated on 2022-07-03 06:54:29 CEST.
Flavor | Version | Tinstall | Tcheck | Ttotal | Status | Flags |
---|---|---|---|---|---|---|
r-devel-linux-x86_64-debian-clang | 1.3.4 | 16.26 | 444.33 | 460.59 | OK | |
r-devel-linux-x86_64-debian-gcc | 1.3.4 | 12.32 | 329.97 | 342.29 | OK | |
r-devel-linux-x86_64-fedora-clang | 1.3.4 | 545.51 | NOTE | |||
r-devel-linux-x86_64-fedora-gcc | 1.3.4 | 549.31 | OK | |||
r-devel-windows-x86_64 | 1.3.4 | 29.00 | 437.00 | 466.00 | NOTE | |
r-patched-linux-x86_64 | 1.3.4 | 15.40 | 411.98 | 427.38 | OK | |
r-release-linux-x86_64 | 1.3.4 | 13.03 | 408.70 | 421.73 | OK | |
r-release-macos-arm64 | 1.3.4 | 210.00 | NOTE | |||
r-release-macos-x86_64 | 1.3.4 | 247.00 | NOTE | |||
r-release-windows-x86_64 | 1.3.4 | 34.00 | 451.00 | 485.00 | NOTE | |
r-oldrel-macos-arm64 | 1.3.4 | 293.00 | NOTE | |||
r-oldrel-macos-x86_64 | 1.3.4 | 231.00 | NOTE | |||
r-oldrel-windows-ix86+x86_64 | 1.3.4 | 37.00 | 683.00 | 720.00 | NOTE |
Version: 1.3.4
Check: installed package size
Result: NOTE
installed size is 5.9Mb
sub-directories of 1Mb or more:
doc 5.2Mb
Flavors: r-devel-linux-x86_64-fedora-clang, r-devel-windows-x86_64, r-release-macos-arm64, r-release-macos-x86_64, r-release-windows-x86_64, r-oldrel-macos-arm64, r-oldrel-macos-x86_64, r-oldrel-windows-ix86+x86_64