Last updated on 2023-12-01 10:53:46 CET.
Flavor | Version | Tinstall | Tcheck | Ttotal | Status | Flags |
---|---|---|---|---|---|---|
r-devel-linux-x86_64-debian-clang | 1.5 | 3.07 | 27.10 | 30.17 | NOTE | |
r-devel-linux-x86_64-debian-gcc | 1.5 | 2.92 | 20.99 | 23.91 | NOTE | |
r-devel-linux-x86_64-fedora-clang | 1.5 | 39.22 | OK | |||
r-devel-linux-x86_64-fedora-gcc | 1.5 | 36.86 | OK | |||
r-devel-windows-x86_64 | 1.5 | 6.00 | 53.00 | 59.00 | OK | |
r-patched-linux-x86_64 | 1.5 | 3.79 | 25.24 | 29.03 | OK | |
r-release-linux-x86_64 | 1.5 | 2.98 | 25.02 | 28.00 | OK | |
r-release-macos-arm64 | 1.5 | 21.00 | OK | |||
r-release-macos-x86_64 | 1.5 | 23.00 | OK | |||
r-release-windows-x86_64 | 1.5 | 7.00 | 51.00 | 58.00 | OK | |
r-oldrel-macos-arm64 | 1.5 | 18.00 | OK | |||
r-oldrel-macos-x86_64 | 1.5 | 23.00 | OK | |||
r-oldrel-windows-x86_64 | 1.5 | 6.00 | 58.00 | 64.00 | OK |
Version: 1.5
Check: Rd files
Result: NOTE
checkRd: (-1) qif.Rd:45: Lost braces in \itemize; \value handles \item{}{} directly
checkRd: (-1) qif.Rd:46: Lost braces in \itemize; \value handles \item{}{} directly
checkRd: (-1) qif.Rd:47: Lost braces in \itemize; \value handles \item{}{} directly
checkRd: (-1) qif.Rd:48: Lost braces in \itemize; \value handles \item{}{} directly
checkRd: (-1) qif.Rd:49: Lost braces in \itemize; \value handles \item{}{} directly
checkRd: (-1) qif.Rd:50: Lost braces in \itemize; \value handles \item{}{} directly
checkRd: (-1) qif.Rd:51: Lost braces in \itemize; \value handles \item{}{} directly
checkRd: (-1) qif.Rd:52: Lost braces in \itemize; \value handles \item{}{} directly
checkRd: (-1) qif.Rd:53: Lost braces in \itemize; \value handles \item{}{} directly
checkRd: (-1) qif.Rd:54: Lost braces in \itemize; \value handles \item{}{} directly
checkRd: (-1) qif.Rd:55: Lost braces in \itemize; \value handles \item{}{} directly
checkRd: (-1) qif.Rd:56: Lost braces in \itemize; \value handles \item{}{} directly
checkRd: (-1) qif.Rd:57: Lost braces in \itemize; \value handles \item{}{} directly
checkRd: (-1) qif.Rd:58: Lost braces in \itemize; \value handles \item{}{} directly
checkRd: (-1) qif.Rd:59: Lost braces in \itemize; \value handles \item{}{} directly
checkRd: (-1) qif.Rd:60: Lost braces in \itemize; \value handles \item{}{} directly
checkRd: (-1) qif.Rd:61: Lost braces in \itemize; \value handles \item{}{} directly
checkRd: (-1) qif.Rd:62: Lost braces in \itemize; \value handles \item{}{} directly
checkRd: (-1) qif.Rd:63: Lost braces in \itemize; \value handles \item{}{} directly
checkRd: (-1) qif.Rd:64: Lost braces in \itemize; \value handles \item{}{} directly
checkRd: (-1) qif.Rd:65: Lost braces in \itemize; \value handles \item{}{} directly
Flavors: r-devel-linux-x86_64-debian-clang, r-devel-linux-x86_64-debian-gcc