CRAN Package Check Results for Package qiitr

Last updated on 2022-05-23 02:53:45 CEST.

Flavor Version Tinstall Tcheck Ttotal Status Flags
r-devel-linux-x86_64-debian-clang 0.1.1 2.49 33.64 36.13 NOTE
r-devel-linux-x86_64-debian-gcc 0.1.1 2.03 26.40 28.43 NOTE
r-devel-linux-x86_64-fedora-clang 0.1.1 44.11 NOTE
r-devel-linux-x86_64-fedora-gcc 0.1.1 32.74 NOTE
r-devel-windows-x86_64 0.1.1 12.00 48.00 60.00 NOTE
r-patched-linux-x86_64 0.1.1 2.69 33.19 35.88 NOTE
r-release-linux-x86_64 0.1.1 2.05 32.28 34.33 NOTE
r-release-macos-arm64 0.1.1 14.00 NOTE
r-release-macos-x86_64 0.1.1 22.00 NOTE
r-release-windows-x86_64 0.1.1 10.00 49.00 59.00 NOTE
r-oldrel-macos-arm64 0.1.1 20.00 NOTE
r-oldrel-macos-x86_64 0.1.1 29.00 NOTE
r-oldrel-windows-ix86+x86_64 0.1.1 7.00 44.00 51.00 NOTE

Check Details

Version: 0.1.1
Check: LazyData
Result: NOTE
     'LazyData' is specified without a 'data' directory
Flavors: r-devel-linux-x86_64-debian-clang, r-devel-linux-x86_64-debian-gcc, r-devel-linux-x86_64-fedora-clang, r-devel-linux-x86_64-fedora-gcc, r-devel-windows-x86_64, r-patched-linux-x86_64, r-release-linux-x86_64, r-release-macos-arm64, r-release-macos-x86_64, r-release-windows-x86_64, r-oldrel-macos-arm64, r-oldrel-macos-x86_64, r-oldrel-windows-ix86+x86_64