CRAN Package Check Results for Package qlcData

Last updated on 2019-06-17 09:49:54 CEST.

Flavor Version Tinstall Tcheck Ttotal Status Flags
r-devel-linux-x86_64-debian-clang 0.2.1 3.48 46.19 49.67 WARN
r-devel-linux-x86_64-debian-gcc 0.2.1 3.67 37.73 41.40 OK
r-devel-linux-x86_64-fedora-clang 0.2.1 61.21 NOTE
r-devel-linux-x86_64-fedora-gcc 0.2.1 58.79 NOTE
r-devel-windows-ix86+x86_64 0.2.1 17.00 89.00 106.00 OK
r-patched-linux-x86_64 0.2.1 4.44 46.19 50.63 OK
r-patched-solaris-x86 0.2.1 97.00 NOTE
r-release-linux-x86_64 0.2.1 3.99 46.21 50.20 OK
r-release-windows-ix86+x86_64 0.2.1 10.00 98.00 108.00 OK
r-release-osx-x86_64 0.2.1 NOTE
r-oldrel-windows-ix86+x86_64 0.2.1 7.00 79.00 86.00 OK
r-oldrel-osx-x86_64 0.2.1 NOTE

Check Details

Version: 0.2.1
Check: re-building of vignette outputs
Result: WARN
    Error(s) in re-building vignettes:
     ...
    --- re-building 'orthography_processing.Rmd' using rmarkdown
    Quitting from lines 70-72 (orthography_processing.Rmd)
    Error: processing vignette 'orthography_processing.Rmd' failed with diagnostics:
    invalid multibyte string, element 8
    --- failed re-building 'orthography_processing.Rmd'
    
    --- re-building 'recoding_nominal_data.Rmd' using rmarkdown
    --- finished re-building 'recoding_nominal_data.Rmd'
    
    SUMMARY: processing the following file failed:
     'orthography_processing.Rmd'
    
    Error: Vignette re-building failed.
    Execution halted
Flavor: r-devel-linux-x86_64-debian-clang

Version: 0.2.1
Check: data for non-ASCII characters
Result: NOTE
     Note: found 1459 marked UTF-8 strings
Flavors: r-devel-linux-x86_64-fedora-clang, r-devel-linux-x86_64-fedora-gcc, r-patched-solaris-x86, r-release-osx-x86_64, r-oldrel-osx-x86_64