CRAN Package Check Results for Package qlcal

Last updated on 2022-11-29 04:52:37 CET.

Flavor Version Tinstall Tcheck Ttotal Status Flags
r-devel-linux-x86_64-debian-clang 0.0.3 159.31 31.95 191.26 OK
r-devel-linux-x86_64-debian-gcc 0.0.3 124.42 23.99 148.41 OK
r-devel-linux-x86_64-fedora-clang 0.0.3 355.82 OK
r-devel-linux-x86_64-fedora-gcc 0.0.3 264.72 OK
r-devel-windows-x86_64 0.0.3 305.00 89.00 394.00 OK
r-patched-linux-x86_64 0.0.3 142.94 28.81 171.75 OK
r-release-linux-x86_64 0.0.3 133.22 28.65 161.87 OK
r-release-macos-arm64 0.0.3 71.00 NOTE
r-release-macos-x86_64 0.0.3 94.00 NOTE
r-release-windows-x86_64 0.0.3 176.00 90.00 266.00 OK
r-oldrel-macos-arm64 0.0.3 68.00 NOTE
r-oldrel-macos-x86_64 0.0.3 96.00 NOTE
r-oldrel-windows-ix86+x86_64 0.0.3 412.00 94.00 506.00 OK

Check Details

Version: 0.0.3
Check: installed package size
Result: NOTE
     installed size is 8.2Mb
     sub-directories of 1Mb or more:
     libs 8.1Mb
Flavors: r-release-macos-arm64, r-release-macos-x86_64, r-oldrel-macos-arm64, r-oldrel-macos-x86_64