CRAN Package Check Results for Package qpmadr

Last updated on 2022-12-05 07:53:50 CET.

Flavor Version Tinstall Tcheck Ttotal Status Flags
r-devel-linux-x86_64-debian-clang 1.1.0-0 42.73 31.29 74.02 OK
r-devel-linux-x86_64-debian-gcc 1.1.0-0 31.94 25.45 57.39 OK
r-devel-linux-x86_64-fedora-clang 1.1.0-0 104.30 OK
r-devel-linux-x86_64-fedora-gcc 1.1.0-0 99.04 OK
r-devel-windows-x86_64 1.1.0-0 36.00 80.00 116.00 OK
r-patched-linux-x86_64 1.1.0-0 37.88 31.11 68.99 OK
r-release-linux-x86_64 1.1.0-0 31.62 30.37 61.99 OK
r-release-macos-arm64 1.1.0-0 30.00 NOTE
r-release-macos-x86_64 1.1.0-0 37.00 NOTE
r-release-windows-x86_64 1.1.0-0 37.00 80.00 117.00 OK
r-oldrel-macos-arm64 1.1.0-0 39.00 NOTE
r-oldrel-macos-x86_64 1.1.0-0 36.00 NOTE
r-oldrel-windows-ix86+x86_64 1.1.0-0 88.00 82.00 170.00 OK

Check Details

Version: 1.1.0-0
Check: installed package size
Result: NOTE
     installed size is 8.7Mb
     sub-directories of 1Mb or more:
     libs 8.5Mb
Flavors: r-release-macos-arm64, r-release-macos-x86_64, r-oldrel-macos-arm64, r-oldrel-macos-x86_64