Last updated on 2023-09-25 14:01:08 CEST.
Flavor | Version | Tinstall | Tcheck | Ttotal | Status | Flags |
---|---|---|---|---|---|---|
r-devel-linux-x86_64-debian-clang | 1.1.0-0 | 38.66 | 29.62 | 68.28 | NOTE | |
r-devel-linux-x86_64-debian-gcc | 1.1.0-0 | 28.31 | 24.91 | 53.22 | NOTE | |
r-devel-linux-x86_64-fedora-clang | 1.1.0-0 | 94.27 | NOTE | |||
r-devel-linux-x86_64-fedora-gcc | 1.1.0-0 | 97.23 | NOTE | |||
r-devel-windows-x86_64 | 1.1.0-0 | 31.00 | 68.00 | 99.00 | NOTE | |
r-patched-linux-x86_64 | 1.1.0-0 | 31.29 | 31.37 | 62.66 | NOTE | |
r-release-linux-x86_64 | 1.1.0-0 | 40.95 | 30.24 | 71.19 | NOTE | |
r-release-macos-arm64 | 1.1.0-0 | 32.00 | NOTE | |||
r-release-macos-x86_64 | 1.1.0-0 | 48.00 | NOTE | |||
r-release-windows-x86_64 | 1.1.0-0 | 37.00 | 70.00 | 107.00 | NOTE | |
r-oldrel-macos-arm64 | 1.1.0-0 | 30.00 | NOTE | |||
r-oldrel-macos-x86_64 | 1.1.0-0 | 37.00 | NOTE | |||
r-oldrel-windows-x86_64 | 1.1.0-0 | 36.00 | 71.00 | 107.00 | OK |
Version: 1.1.0-0
Check: C++ specification
Result: NOTE
Specified C++11: please drop specification unless essential
Flavors: r-devel-linux-x86_64-debian-clang, r-devel-linux-x86_64-debian-gcc, r-devel-linux-x86_64-fedora-clang, r-devel-linux-x86_64-fedora-gcc, r-devel-windows-x86_64, r-patched-linux-x86_64, r-release-linux-x86_64, r-release-macos-arm64, r-release-macos-x86_64, r-release-windows-x86_64
Version: 1.1.0-0
Check: installed package size
Result: NOTE
installed size is 8.7Mb
sub-directories of 1Mb or more:
libs 8.5Mb
Flavors: r-release-macos-arm64, r-release-macos-x86_64, r-oldrel-macos-arm64, r-oldrel-macos-x86_64