CRAN Package Check Results for Package qqplotr

Last updated on 2018-11-21 13:48:38 CET.

Flavor Version Tinstall Tcheck Ttotal Status Flags
r-devel-linux-x86_64-debian-clang 0.0.3 3.82 56.94 60.76 OK
r-devel-linux-x86_64-debian-gcc 0.0.3 3.31 43.57 46.88 OK
r-devel-linux-x86_64-fedora-clang 0.0.3 69.37 NOTE
r-devel-linux-x86_64-fedora-gcc 0.0.3 66.83 NOTE
r-devel-windows-ix86+x86_64 0.0.3 13.00 96.00 109.00 OK
r-patched-linux-x86_64 0.0.3 3.70 52.57 56.27 OK
r-patched-solaris-x86 0.0.3 102.80 NOTE
r-release-linux-x86_64 0.0.3 4.70 54.22 58.92 OK
r-release-windows-ix86+x86_64 0.0.3 8.00 103.00 111.00 OK
r-release-osx-x86_64 0.0.3 NOTE
r-oldrel-windows-ix86+x86_64 0.0.3 7.00 104.00 111.00 OK
r-oldrel-osx-x86_64 0.0.3 NOTE

Check Details

Version: 0.0.3
Check: dependencies in R code
Result: NOTE
    Namespaces in Imports field not imported from:
     ‘knitr’ ‘purrr’ ‘rmarkdown’
     All declared Imports should be used.
Flavors: r-devel-linux-x86_64-fedora-clang, r-devel-linux-x86_64-fedora-gcc, r-patched-solaris-x86, r-release-osx-x86_64, r-oldrel-osx-x86_64