CRAN Package Check Results for Package qqplotr

Last updated on 2019-02-17 23:52:03 CET.

Flavor Version Tinstall Tcheck Ttotal Status Flags
r-devel-linux-x86_64-debian-clang 0.0.3 5.44 57.25 62.69 OK
r-devel-linux-x86_64-debian-gcc 0.0.3 3.53 44.50 48.03 OK
r-devel-linux-x86_64-fedora-clang 0.0.3 73.36 NOTE
r-devel-linux-x86_64-fedora-gcc 0.0.3 67.04 NOTE
r-devel-windows-ix86+x86_64 0.0.3 12.00 66.00 78.00 OK
r-patched-linux-x86_64 0.0.3 3.94 53.62 57.56 OK
r-patched-solaris-x86 0.0.3 102.60 NOTE
r-release-linux-x86_64 0.0.3 OK
r-release-windows-ix86+x86_64 0.0.3 7.00 90.00 97.00 OK
r-release-osx-x86_64 0.0.3 NOTE
r-oldrel-windows-ix86+x86_64 0.0.3 8.00 88.00 96.00 OK
r-oldrel-osx-x86_64 0.0.3 NOTE

Check Details

Version: 0.0.3
Check: dependencies in R code
Result: NOTE
    Namespaces in Imports field not imported from:
     ‘knitr’ ‘purrr’ ‘rmarkdown’
     All declared Imports should be used.
Flavors: r-devel-linux-x86_64-fedora-clang, r-devel-linux-x86_64-fedora-gcc, r-patched-solaris-x86, r-release-osx-x86_64, r-oldrel-osx-x86_64