CRAN Package Check Results for Package qqplotr

Last updated on 2018-08-19 20:50:22 CEST.

Flavor Version Tinstall Tcheck Ttotal Status Flags
r-devel-linux-x86_64-debian-clang 0.0.3 3.78 57.53 61.31 OK
r-devel-linux-x86_64-debian-gcc 0.0.3 3.75 44.97 48.72 OK
r-devel-linux-x86_64-fedora-clang 0.0.3 75.34 NOTE
r-devel-linux-x86_64-fedora-gcc 0.0.3 69.93 NOTE
r-devel-windows-ix86+x86_64 0.0.3 12.00 105.00 117.00 OK
r-patched-linux-x86_64 0.0.3 4.63 52.38 57.01 OK
r-patched-solaris-x86 0.0.3 103.70 NOTE
r-release-linux-x86_64 0.0.3 3.50 53.50 57.00 OK
r-release-windows-ix86+x86_64 0.0.3 15.00 62.00 77.00 OK
r-release-osx-x86_64 0.0.3 NOTE
r-oldrel-windows-ix86+x86_64 0.0.3 7.00 76.00 83.00 OK
r-oldrel-osx-x86_64 0.0.3 NOTE

Check Details

Version: 0.0.3
Check: dependencies in R code
Result: NOTE
    Namespaces in Imports field not imported from:
     ‘knitr’ ‘purrr’ ‘rmarkdown’
     All declared Imports should be used.
Flavors: r-devel-linux-x86_64-fedora-clang, r-devel-linux-x86_64-fedora-gcc, r-patched-solaris-x86, r-release-osx-x86_64, r-oldrel-osx-x86_64