CRAN Package Check Results for Package qqplotr

Last updated on 2018-02-23 02:48:22 CET.

Flavor Version Tinstall Tcheck Ttotal Status Flags
r-devel-linux-x86_64-debian-clang 0.0.2 3.71 43.45 47.16 OK
r-devel-linux-x86_64-debian-gcc 0.0.2 2.45 39.15 41.60 OK
r-devel-linux-x86_64-fedora-clang 0.0.2 66.00 NOTE
r-devel-linux-x86_64-fedora-gcc 0.0.2 60.18 NOTE
r-devel-windows-ix86+x86_64 0.0.2 10.00 64.00 74.00 OK
r-patched-linux-x86_64 0.0.2 1.92 58.46 60.38 OK
r-patched-solaris-x86 0.0.2 95.40 NOTE
r-release-linux-x86_64 0.0.2 2.79 57.75 60.54 OK
r-release-windows-ix86+x86_64 0.0.2 12.00 92.00 104.00 OK
r-release-osx-x86_64 0.0.2 NOTE
r-oldrel-windows-ix86+x86_64 0.0.2 7.00 60.00 67.00 OK
r-oldrel-osx-x86_64 0.0.2 NOTE

Check Details

Version: 0.0.2
Check: dependencies in R code
Result: NOTE
    Namespace in Imports field not imported from: ‘knitr’
     All declared Imports should be used.
Flavors: r-devel-linux-x86_64-fedora-clang, r-devel-linux-x86_64-fedora-gcc, r-patched-solaris-x86, r-release-osx-x86_64, r-oldrel-osx-x86_64