CRAN Package Check Results for Package qqplotr

Last updated on 2018-05-26 02:48:49 CEST.

Flavor Version Tinstall Tcheck Ttotal Status Flags
r-devel-linux-x86_64-debian-clang 0.0.2 4.79 53.11 57.90 OK
r-devel-linux-x86_64-debian-gcc 0.0.2 3.92 41.21 45.13 OK
r-devel-linux-x86_64-fedora-clang 0.0.2 70.82 NOTE
r-devel-linux-x86_64-fedora-gcc 0.0.2 66.96 NOTE
r-devel-windows-ix86+x86_64 0.0.2 8.00 63.00 71.00 OK
r-patched-linux-x86_64 0.0.2 3.57 49.34 52.91 OK
r-patched-solaris-x86 0.0.2 98.60 NOTE
r-release-linux-x86_64 0.0.2 4.19 49.67 53.86 OK
r-release-windows-ix86+x86_64 0.0.2 12.00 97.00 109.00 OK
r-release-osx-x86_64 0.0.2 NOTE
r-oldrel-windows-ix86+x86_64 0.0.2 10.00 66.00 76.00 OK
r-oldrel-osx-x86_64 0.0.2 NOTE

Check Details

Version: 0.0.2
Check: dependencies in R code
Result: NOTE
    Namespace in Imports field not imported from: ‘knitr’
     All declared Imports should be used.
Flavors: r-devel-linux-x86_64-fedora-clang, r-devel-linux-x86_64-fedora-gcc, r-patched-solaris-x86, r-release-osx-x86_64, r-oldrel-osx-x86_64