CRAN Package Check Results for Package qqtest

Last updated on 2024-04-17 16:53:17 CEST.

Flavor Version Tinstall Tcheck Ttotal Status Flags
r-devel-linux-x86_64-debian-clang 1.2.0 3.21 44.30 47.51 NOTE
r-devel-linux-x86_64-debian-gcc 1.2.0 2.05 34.63 36.68 NOTE
r-devel-linux-x86_64-fedora-clang 1.2.0 61.37 NOTE
r-devel-linux-x86_64-fedora-gcc 1.2.0 70.50 NOTE
r-prerel-macos-arm64 1.2.0 26.00 NOTE
r-prerel-windows-x86_64 1.2.0 5.00 55.00 60.00 NOTE
r-patched-linux-x86_64 1.2.0 3.73 43.49 47.22 NOTE
r-release-linux-x86_64 1.2.0 2.90 42.08 44.98 OK
r-release-macos-arm64 1.2.0 26.00 OK
r-release-macos-x86_64 1.2.0 43.00 OK
r-release-windows-x86_64 1.2.0 3.00 57.00 60.00 OK
r-oldrel-macos-arm64 1.2.0 22.00 OK
r-oldrel-windows-x86_64 1.2.0 6.00 59.00 65.00 OK

Check Details

Version: 1.2.0
Check: Rd files
Result: NOTE checkRd: (-1) hideLocation.Rd:10: Lost braces; missing escapes or markup? 10 | \item{trueLoc}{A vector of one or more numbers in the set {1, 2, ..., nSubjects} whose locations are to be hidden.} | ^ checkRd: (-1) hideLocation.Rd:12: Lost braces; missing escapes or markup? 12 | \item{nSubjects}{An integer larger than 1 used to define the set {1, 2, ..., nSubjects}.} | ^ Flavors: r-devel-linux-x86_64-debian-clang, r-devel-linux-x86_64-debian-gcc, r-devel-linux-x86_64-fedora-clang, r-devel-linux-x86_64-fedora-gcc, r-prerel-macos-arm64, r-prerel-windows-x86_64, r-patched-linux-x86_64