CRAN Package Check Results for Package qrencoder

Last updated on 2022-05-27 06:51:31 CEST.

Flavor Version Tinstall Tcheck Ttotal Status Flags
r-devel-linux-x86_64-debian-clang 0.1.0 41.66 260.48 302.14 NOTE
r-devel-linux-x86_64-debian-gcc 0.1.0 35.22 190.17 225.39 NOTE
r-devel-linux-x86_64-fedora-clang 0.1.0 358.11 NOTE
r-devel-linux-x86_64-fedora-gcc 0.1.0 345.24 NOTE
r-devel-windows-x86_64 0.1.0 50.00 266.00 316.00 NOTE
r-patched-linux-x86_64 0.1.0 44.04 244.58 288.62 NOTE
r-release-linux-x86_64 0.1.0 36.44 247.48 283.92 NOTE
r-release-macos-arm64 0.1.0 76.00 NOTE
r-release-macos-x86_64 0.1.0 110.00 NOTE
r-release-windows-x86_64 0.1.0 53.00 271.00 324.00 NOTE
r-oldrel-macos-arm64 0.1.0 42.00 NOTE
r-oldrel-macos-x86_64 0.1.0 69.00 NOTE
r-oldrel-windows-ix86+x86_64 0.1.0 108.00 352.00 460.00 NOTE

Check Details

Version: 0.1.0
Check: LazyData
Result: NOTE
     'LazyData' is specified without a 'data' directory
Flavors: r-devel-linux-x86_64-debian-clang, r-devel-linux-x86_64-debian-gcc, r-devel-linux-x86_64-fedora-clang, r-devel-linux-x86_64-fedora-gcc, r-devel-windows-x86_64, r-patched-linux-x86_64, r-release-linux-x86_64, r-release-macos-arm64, r-release-macos-x86_64, r-release-windows-x86_64, r-oldrel-macos-arm64, r-oldrel-macos-x86_64, r-oldrel-windows-ix86+x86_64

Version: 0.1.0
Check: compiled code
Result: NOTE
    File ‘qrencoder/libs/qrencoder.so’:
     Found no calls to: ‘R_registerRoutines’, ‘R_useDynamicSymbols’
    
    It is good practice to register native routines and to disable symbol
    search.
    
    See ‘Writing portable packages’ in the ‘Writing R Extensions’ manual.
Flavors: r-devel-linux-x86_64-fedora-clang, r-devel-linux-x86_64-fedora-gcc