CRAN Package Check Results for Package qrjoint

Last updated on 2018-07-18 00:50:02 CEST.

Flavor Version Tinstall Tcheck Ttotal Status Flags
r-devel-linux-x86_64-debian-clang 1.0-0 10.46 110.46 120.92 NOTE
r-devel-linux-x86_64-debian-gcc 1.0-0 7.74 88.45 96.19 NOTE
r-devel-linux-x86_64-fedora-clang 1.0-0 144.52 NOTE
r-devel-linux-x86_64-fedora-gcc 1.0-0 138.25 NOTE
r-devel-windows-ix86+x86_64 1.0-0 25.00 228.00 253.00 OK
r-patched-linux-x86_64 1.0-0 8.03 98.38 106.41 NOTE
r-patched-solaris-x86 1.0-0 221.30 OK
r-release-linux-x86_64 1.0-0 7.98 97.47 105.45 NOTE
r-release-windows-ix86+x86_64 1.0-0 24.00 200.00 224.00 OK
r-release-osx-x86_64 1.0-0 OK
r-oldrel-windows-ix86+x86_64 1.0-0 14.00 141.00 155.00 OK
r-oldrel-osx-x86_64 1.0-0 OK

Check Details

Version: 1.0-0
Check: compiled code
Result: NOTE
    File ‘qrjoint/libs/qrjoint.so’:
     Found no calls to: ‘R_registerRoutines’, ‘R_useDynamicSymbols’
    
    It is good practice to register native routines and to disable symbol
    search.
    
    See ‘Writing portable packages’ in the ‘Writing R Extensions’ manual.
Flavors: r-devel-linux-x86_64-debian-clang, r-devel-linux-x86_64-debian-gcc, r-devel-linux-x86_64-fedora-clang, r-devel-linux-x86_64-fedora-gcc, r-patched-linux-x86_64, r-release-linux-x86_64