CRAN Package Check Results for Package qrjoint

Last updated on 2018-01-18 13:51:16 CET.

Flavor Version Tinstall Tcheck Ttotal Status Flags
r-devel-linux-x86_64-debian-clang 1.0-0 6.83 84.20 91.03 NOTE
r-devel-linux-x86_64-debian-gcc 1.0-0 5.48 68.77 74.25 NOTE
r-devel-linux-x86_64-fedora-clang 1.0-0 126.29 NOTE
r-devel-linux-x86_64-fedora-gcc 1.0-0 123.31 NOTE
r-devel-windows-ix86+x86_64 1.0-0 14.00 147.00 161.00 OK
r-patched-linux-x86_64 1.0-0 7.07 101.80 108.87 NOTE
r-patched-solaris-x86 1.0-0 213.50 OK
r-release-linux-x86_64 1.0-0 6.63 99.39 106.02 NOTE
r-release-windows-ix86+x86_64 1.0-0 15.00 198.00 213.00 OK
r-release-osx-x86_64 1.0-0 OK
r-oldrel-windows-ix86+x86_64 1.0-0 18.00 135.00 153.00 OK
r-oldrel-osx-x86_64 1.0-0 OK

Check Details

Version: 1.0-0
Check: compiled code
Result: NOTE
    File ‘qrjoint/libs/qrjoint.so’:
     Found no calls to: ‘R_registerRoutines’, ‘R_useDynamicSymbols’
    
    It is good practice to register native routines and to disable symbol
    search.
    
    See ‘Writing portable packages’ in the ‘Writing R Extensions’ manual.
Flavors: r-devel-linux-x86_64-debian-clang, r-devel-linux-x86_64-debian-gcc, r-devel-linux-x86_64-fedora-clang, r-devel-linux-x86_64-fedora-gcc, r-patched-linux-x86_64, r-release-linux-x86_64